Last updated on 2023-06-05 05:54:39 CEST.
Flavor | Version | Tinstall | Tcheck | Ttotal | Status | Flags |
---|---|---|---|---|---|---|
r-devel-linux-x86_64-debian-clang | 2.2.14 | 9.12 | 68.38 | 77.50 | OK | |
r-devel-linux-x86_64-debian-gcc | 2.2.14 | 8.14 | 52.40 | 60.54 | OK | |
r-devel-linux-x86_64-fedora-clang | 2.2.14 | 95.92 | OK | |||
r-devel-linux-x86_64-fedora-gcc | 2.2.14 | 93.43 | OK | |||
r-devel-windows-x86_64 | 2.2.14 | 9.00 | 72.00 | 81.00 | OK | |
r-patched-linux-x86_64 | 2.2.14 | 12.78 | 65.44 | 78.22 | OK | |
r-release-linux-x86_64 | 2.2.14 | 6.61 | 64.91 | 71.52 | OK | |
r-release-macos-arm64 | 2.2.14 | 29.00 | OK | |||
r-release-macos-x86_64 | 2.2.14 | 45.00 | NOTE | |||
r-release-windows-x86_64 | 2.2.14 | 12.00 | 82.00 | 94.00 | OK | |
r-oldrel-macos-arm64 | 2.2.14 | 33.00 | OK | |||
r-oldrel-macos-x86_64 | 2.2.14 | 40.00 | OK | |||
r-oldrel-windows-x86_64 | 2.2.14 | 12.00 | 80.00 | 92.00 | OK |
Version: 2.2.14
Check: package dependencies
Result: NOTE
Package suggested but not available for checking: ‘imager’
Flavor: r-release-macos-x86_64