CRAN Package Check Results for Package macrocol

Last updated on 2023-05-29 05:55:07 CEST.

Flavor Version Tinstall Tcheck Ttotal Status Flags
r-devel-linux-x86_64-debian-clang 0.1.0 2.14 21.62 23.76 OK
r-devel-linux-x86_64-debian-gcc 0.1.0 1.89 17.28 19.17 OK
r-devel-linux-x86_64-fedora-clang 0.1.0 31.18 NOTE
r-devel-linux-x86_64-fedora-gcc 0.1.0 28.96 NOTE
r-devel-windows-x86_64 0.1.0 5.00 44.00 49.00 OK
r-patched-linux-x86_64 0.1.0 1.97 20.53 22.50 OK
r-release-linux-x86_64 0.1.0 1.54 21.66 23.20 OK
r-release-macos-arm64 0.1.0 15.00 OK
r-release-macos-x86_64 0.1.0 17.00 OK
r-release-windows-x86_64 0.1.0 4.00 39.00 43.00 OK
r-oldrel-macos-arm64 0.1.0 15.00 NOTE
r-oldrel-macos-x86_64 0.1.0 20.00 NOTE
r-oldrel-windows-x86_64 0.1.0 5.00 42.00 47.00 OK

Check Details

Version: 0.1.0
Check: dependencies in R code
Result: NOTE
    Namespace in Imports field not imported from: ‘R.utils’
     All declared Imports should be used.
Flavors: r-devel-linux-x86_64-fedora-clang, r-devel-linux-x86_64-fedora-gcc, r-oldrel-macos-arm64, r-oldrel-macos-x86_64