CRAN Package Check Results for Package mSTEM

Last updated on 2023-06-08 05:58:15 CEST.

Flavor Version Tinstall Tcheck Ttotal Status Flags
r-devel-linux-x86_64-debian-clang 1.0-1 4.02 31.01 35.03 NOTE
r-devel-linux-x86_64-debian-gcc 1.0-1 2.97 24.30 27.27 NOTE
r-devel-linux-x86_64-fedora-clang 1.0-1 44.22 NOTE
r-devel-linux-x86_64-fedora-gcc 1.0-1 41.79 NOTE
r-devel-windows-x86_64 1.0-1 5.00 48.00 53.00 NOTE
r-patched-linux-x86_64 1.0-1 3.35 30.39 33.74 NOTE
r-release-linux-x86_64 1.0-1 3.20 30.29 33.49 NOTE
r-release-macos-arm64 1.0-1 19.00 NOTE
r-release-macos-x86_64 1.0-1 27.00 NOTE
r-release-windows-x86_64 1.0-1 5.00 50.00 55.00 NOTE
r-oldrel-macos-arm64 1.0-1 18.00 NOTE
r-oldrel-macos-x86_64 1.0-1 22.00 NOTE
r-oldrel-windows-x86_64 1.0-1 6.00 50.00 56.00 NOTE

Check Details

Version: 1.0-1
Check: LazyData
Result: NOTE
     'LazyData' is specified without a 'data' directory
Flavors: r-devel-linux-x86_64-debian-clang, r-devel-linux-x86_64-debian-gcc, r-devel-linux-x86_64-fedora-clang, r-devel-linux-x86_64-fedora-gcc, r-devel-windows-x86_64, r-patched-linux-x86_64, r-release-linux-x86_64, r-release-macos-arm64, r-release-macos-x86_64, r-release-windows-x86_64, r-oldrel-macos-arm64, r-oldrel-macos-x86_64, r-oldrel-windows-x86_64