CRAN Package Check Results for Package lvmcomp

Last updated on 2023-06-05 05:54:39 CEST.

Flavor Version Tinstall Tcheck Ttotal Status Flags
r-devel-linux-x86_64-debian-clang 1.2 91.88 38.14 130.02 NOTE
r-devel-linux-x86_64-debian-gcc 1.2 67.24 28.61 95.85 NOTE
r-devel-linux-x86_64-fedora-clang 1.2 184.51 NOTE
r-devel-linux-x86_64-fedora-gcc 1.2 176.99 NOTE
r-devel-windows-x86_64 1.2 65.00 82.00 147.00 NOTE
r-patched-linux-x86_64 1.2 57.82 36.34 94.16 NOTE
r-release-linux-x86_64 1.2 69.63 35.75 105.38 NOTE
r-release-macos-arm64 1.2 47.00 NOTE
r-release-macos-x86_64 1.2 77.00 NOTE
r-release-windows-x86_64 1.2 83.00 85.00 168.00 NOTE
r-oldrel-macos-arm64 1.2 47.00 OK
r-oldrel-macos-x86_64 1.2 58.00 OK
r-oldrel-windows-x86_64 1.2 82.00 83.00 165.00 OK

Check Details

Version: 1.2
Check: C++ specification
Result: NOTE
     Specified C++11: please drop specification unless essential
Flavors: r-devel-linux-x86_64-debian-clang, r-devel-linux-x86_64-debian-gcc, r-devel-linux-x86_64-fedora-clang, r-devel-linux-x86_64-fedora-gcc, r-devel-windows-x86_64, r-patched-linux-x86_64, r-release-linux-x86_64, r-release-macos-arm64, r-release-macos-x86_64, r-release-windows-x86_64