CRAN Package Check Results for Package lspartition

Last updated on 2023-06-10 05:52:37 CEST.

Flavor Version Tinstall Tcheck Ttotal Status Flags
r-devel-linux-x86_64-debian-clang 0.4 15.49 107.72 123.21 NOTE
r-devel-linux-x86_64-debian-gcc 0.4 13.26 80.11 93.37 NOTE
r-devel-linux-x86_64-fedora-clang 0.4 154.32 NOTE
r-devel-linux-x86_64-fedora-gcc 0.4 144.35 NOTE
r-devel-windows-x86_64 0.4 16.00 88.00 104.00 NOTE
r-patched-linux-x86_64 0.4 21.84 99.81 121.65 NOTE
r-release-linux-x86_64 0.4 14.38 100.55 114.93 NOTE
r-release-macos-arm64 0.4 45.00 NOTE
r-release-macos-x86_64 0.4 76.00 NOTE
r-release-windows-x86_64 0.4 18.00 103.00 121.00 NOTE
r-oldrel-macos-arm64 0.4 42.00 NOTE
r-oldrel-macos-x86_64 0.4 76.00 NOTE
r-oldrel-windows-x86_64 0.4 18.00 105.00 123.00 NOTE

Check Details

Version: 0.4
Check: LazyData
Result: NOTE
     'LazyData' is specified without a 'data' directory
Flavors: r-devel-linux-x86_64-debian-clang, r-devel-linux-x86_64-debian-gcc, r-devel-linux-x86_64-fedora-clang, r-devel-linux-x86_64-fedora-gcc, r-devel-windows-x86_64, r-patched-linux-x86_64, r-release-linux-x86_64, r-release-macos-arm64, r-release-macos-x86_64, r-release-windows-x86_64, r-oldrel-macos-arm64, r-oldrel-macos-x86_64, r-oldrel-windows-x86_64