CRAN Package Check Results for Package lori

Last updated on 2024-02-28 05:12:55 CET.

Flavor Version Tinstall Tcheck Ttotal Status Flags
r-devel-linux-x86_64-debian-clang 2.2.2 7.92 336.02 343.94 NOTE
r-devel-linux-x86_64-debian-gcc 2.2.2 7.47 294.34 301.81 NOTE
r-devel-linux-x86_64-fedora-clang 2.2.2 469.49 NOTE
r-devel-linux-x86_64-fedora-gcc 2.2.2 490.46 NOTE
r-devel-windows-x86_64 2.2.2 8.00 368.00 376.00 OK
r-patched-linux-x86_64 2.2.2 10.13 366.16 376.29 OK
r-release-linux-x86_64 2.2.2 7.94 361.78 369.72 OK
r-release-macos-arm64 2.2.2 170.00 OK
r-release-macos-x86_64 2.2.2 345.00 OK
r-release-windows-x86_64 2.2.2 11.00 406.00 417.00 OK
r-oldrel-macos-arm64 2.2.2 159.00 OK
r-oldrel-windows-x86_64 2.2.2 12.00 422.00 434.00 OK

Check Details

Version: 2.2.2
Check: Rd files
Result: NOTE checkRd: (-1) qut.Rd:16: Lost braces; missing escapes or markup? 16 | \item{q}{A number between \code{0} and \code{1}. The quantile of the distribution of $lambda_{QUT}$ to take.} | ^ checkRd: (-1) qut.Rd:25: Lost braces; missing escapes or markup? 25 | the value of $lambda_{QUT}$ to use in LoRI. | ^ Flavors: r-devel-linux-x86_64-debian-clang, r-devel-linux-x86_64-debian-gcc, r-devel-linux-x86_64-fedora-clang, r-devel-linux-x86_64-fedora-gcc