Last updated on 2023-06-05 05:54:39 CEST.
Flavor | Version | Tinstall | Tcheck | Ttotal | Status | Flags |
---|---|---|---|---|---|---|
r-devel-linux-x86_64-debian-clang | 0.1.2 | 2.97 | 28.48 | 31.45 | OK | |
r-devel-linux-x86_64-debian-gcc | 0.1.2 | 2.41 | 22.08 | 24.49 | OK | |
r-devel-linux-x86_64-fedora-clang | 0.1.2 | 39.83 | NOTE | |||
r-devel-linux-x86_64-fedora-gcc | 0.1.2 | 37.40 | NOTE | |||
r-devel-windows-x86_64 | 0.1.2 | 5.00 | 46.00 | 51.00 | OK | |
r-patched-linux-x86_64 | 0.1.2 | 2.71 | 27.29 | 30.00 | OK | |
r-release-linux-x86_64 | 0.1.2 | 2.05 | 27.60 | 29.65 | OK | |
r-release-macos-arm64 | 0.1.2 | 18.00 | OK | |||
r-release-macos-x86_64 | 0.1.2 | 20.00 | OK | |||
r-release-windows-x86_64 | 0.1.2 | 7.00 | 44.00 | 51.00 | OK | |
r-oldrel-macos-arm64 | 0.1.2 | 16.00 | NOTE | |||
r-oldrel-macos-x86_64 | 0.1.2 | 33.00 | NOTE | |||
r-oldrel-windows-x86_64 | 0.1.2 | 5.00 | 46.00 | 51.00 | OK |
Version: 0.1.2
Check: data for non-ASCII characters
Result: NOTE
Note: found 12 marked UTF-8 strings
Flavors: r-devel-linux-x86_64-fedora-clang, r-devel-linux-x86_64-fedora-gcc, r-oldrel-macos-arm64, r-oldrel-macos-x86_64