Last updated on 2023-05-28 05:52:11 CEST.
Flavor | Version | Tinstall | Tcheck | Ttotal | Status | Flags |
---|---|---|---|---|---|---|
r-devel-linux-x86_64-debian-clang | 0.4.3 | 3.97 | 42.92 | 46.89 | OK | |
r-devel-linux-x86_64-debian-gcc | 0.4.3 | 2.67 | 33.40 | 36.07 | OK | |
r-devel-linux-x86_64-fedora-clang | 0.4.3 | 57.54 | OK | |||
r-devel-linux-x86_64-fedora-gcc | 0.4.3 | 74.94 | OK | |||
r-devel-windows-x86_64 | 0.4.3 | 6.00 | 63.00 | 69.00 | NOTE | |
r-patched-linux-x86_64 | 0.4.3 | 3.23 | 40.96 | 44.19 | OK | |
r-release-linux-x86_64 | 0.4.3 | 3.19 | 41.50 | 44.69 | OK | |
r-release-macos-arm64 | 0.4.3 | 36.00 | OK | |||
r-release-macos-x86_64 | 0.4.3 | 52.00 | OK | |||
r-release-windows-x86_64 | 0.4.3 | 6.00 | 68.00 | 74.00 | NOTE | |
r-oldrel-macos-arm64 | 0.4.3 | 30.00 | OK | |||
r-oldrel-macos-x86_64 | 0.4.3 | 38.00 | OK | |||
r-oldrel-windows-x86_64 | 0.4.3 | 7.00 | 68.00 | 75.00 | NOTE |
Version: 0.4.3
Check: package dependencies
Result: NOTE
Package suggested but not available for checking: 'rsyslog'
Flavors: r-devel-windows-x86_64, r-release-windows-x86_64, r-oldrel-windows-x86_64