Last updated on 2023-06-05 05:54:39 CEST.
Flavor | Version | Tinstall | Tcheck | Ttotal | Status | Flags |
---|---|---|---|---|---|---|
r-devel-linux-x86_64-debian-clang | 0.41 | 8.69 | 50.57 | 59.26 | OK | |
r-devel-linux-x86_64-debian-gcc | 0.41 | 6.41 | 40.24 | 46.65 | OK | |
r-devel-linux-x86_64-fedora-clang | 0.41 | 76.62 | NOTE | |||
r-devel-linux-x86_64-fedora-gcc | 0.41 | 72.96 | NOTE | |||
r-devel-windows-x86_64 | 0.41 | 14.00 | 71.00 | 85.00 | OK | |
r-patched-linux-x86_64 | 0.41 | 8.06 | 48.45 | 56.51 | OK | |
r-release-linux-x86_64 | 0.41 | 7.34 | 48.73 | 56.07 | OK | |
r-release-macos-arm64 | 0.41 | 31.00 | OK | |||
r-release-macos-x86_64 | 0.41 | 43.00 | OK | |||
r-release-windows-x86_64 | 0.41 | 14.00 | 78.00 | 92.00 | OK | |
r-oldrel-macos-arm64 | 0.41 | 33.00 | OK | |||
r-oldrel-macos-x86_64 | 0.41 | 46.00 | OK | |||
r-oldrel-windows-x86_64 | 0.41 | 13.00 | 72.00 | 85.00 | OK |
Version: 0.41
Check: compiled code
Result: NOTE
File ‘localgauss/libs/localgauss.so’:
Found no calls to: ‘R_registerRoutines’, ‘R_useDynamicSymbols’
It is good practice to register native routines and to disable symbol
search.
See ‘Writing portable packages’ in the ‘Writing R Extensions’ manual.
Flavors: r-devel-linux-x86_64-fedora-clang, r-devel-linux-x86_64-fedora-gcc