Last updated on 2023-06-06 05:55:14 CEST.
Flavor | Version | Tinstall | Tcheck | Ttotal | Status | Flags |
---|---|---|---|---|---|---|
r-devel-linux-x86_64-debian-clang | 0.1.0 | 12.17 | 99.38 | 111.55 | NOTE | |
r-devel-linux-x86_64-debian-gcc | 0.1.0 | 6.83 | 75.14 | 81.97 | NOTE | |
r-devel-linux-x86_64-fedora-clang | 0.1.0 | 141.87 | NOTE | |||
r-devel-linux-x86_64-fedora-gcc | 0.1.0 | 133.10 | NOTE | |||
r-devel-windows-x86_64 | 0.1.0 | 10.00 | 87.00 | 97.00 | NOTE | |
r-patched-linux-x86_64 | 0.1.0 | 9.19 | 94.64 | 103.83 | NOTE | |
r-release-linux-x86_64 | 0.1.0 | 8.72 | 95.07 | 103.79 | NOTE | |
r-release-macos-arm64 | 0.1.0 | 41.00 | NOTE | |||
r-release-macos-x86_64 | 0.1.0 | 73.00 | NOTE | |||
r-release-windows-x86_64 | 0.1.0 | 14.00 | 103.00 | 117.00 | NOTE | |
r-oldrel-macos-arm64 | 0.1.0 | 41.00 | NOTE | |||
r-oldrel-macos-x86_64 | 0.1.0 | 75.00 | NOTE | |||
r-oldrel-windows-x86_64 | 0.1.0 | 13.00 | 102.00 | 115.00 | NOTE |
Version: 0.1.0
Check: LazyData
Result: NOTE
'LazyData' is specified without a 'data' directory
Flavors: r-devel-linux-x86_64-debian-clang, r-devel-linux-x86_64-debian-gcc, r-devel-linux-x86_64-fedora-clang, r-devel-linux-x86_64-fedora-gcc, r-devel-windows-x86_64, r-patched-linux-x86_64, r-release-linux-x86_64, r-release-macos-arm64, r-release-macos-x86_64, r-release-windows-x86_64, r-oldrel-macos-arm64, r-oldrel-macos-x86_64, r-oldrel-windows-x86_64
Version: 0.1.0
Check: dependencies in R code
Result: NOTE
Namespace in Imports field not imported from: ‘Matrix’
All declared Imports should be used.
Flavors: r-devel-linux-x86_64-fedora-clang, r-devel-linux-x86_64-fedora-gcc, r-oldrel-macos-arm64, r-oldrel-macos-x86_64