CRAN Package Check Results for Package llogistic

Last updated on 2023-06-02 05:58:02 CEST.

Flavor Version Tinstall Tcheck Ttotal Status Flags
r-devel-linux-x86_64-debian-clang 1.0.3 1.84 20.42 22.26 NOTE
r-devel-linux-x86_64-debian-gcc 1.0.3 1.56 16.00 17.56 NOTE
r-devel-linux-x86_64-fedora-clang 1.0.3 28.85 NOTE
r-devel-linux-x86_64-fedora-gcc 1.0.3 26.59 NOTE
r-devel-windows-x86_64 1.0.3 4.00 39.00 43.00 NOTE
r-patched-linux-x86_64 1.0.3 NOTE
r-release-linux-x86_64 1.0.3 1.68 19.78 21.46 NOTE
r-release-macos-arm64 1.0.3 14.00 NOTE
r-release-macos-x86_64 1.0.3 19.00 NOTE
r-release-windows-x86_64 1.0.3 2.00 42.00 44.00 NOTE
r-oldrel-macos-arm64 1.0.3 16.00 NOTE
r-oldrel-macos-x86_64 1.0.3 20.00 NOTE
r-oldrel-windows-x86_64 1.0.3 4.00 46.00 50.00 NOTE

Check Details

Version: 1.0.3
Check: LazyData
Result: NOTE
     'LazyData' is specified without a 'data' directory
Flavors: r-devel-linux-x86_64-debian-clang, r-devel-linux-x86_64-debian-gcc, r-devel-linux-x86_64-fedora-clang, r-devel-linux-x86_64-fedora-gcc, r-devel-windows-x86_64, r-patched-linux-x86_64, r-release-linux-x86_64, r-release-macos-arm64, r-release-macos-x86_64, r-release-windows-x86_64, r-oldrel-macos-arm64, r-oldrel-macos-x86_64, r-oldrel-windows-x86_64