Last updated on 2023-06-07 05:58:23 CEST.
Flavor | Version | Tinstall | Tcheck | Ttotal | Status | Flags |
---|---|---|---|---|---|---|
r-devel-linux-x86_64-debian-clang | 1.1.0 | 4.99 | 43.44 | 48.43 | NOTE | |
r-devel-linux-x86_64-debian-gcc | 1.1.0 | 3.52 | 33.81 | 37.33 | NOTE | |
r-devel-linux-x86_64-fedora-clang | 1.1.0 | 60.68 | NOTE | |||
r-devel-linux-x86_64-fedora-gcc | 1.1.0 | 58.58 | NOTE | |||
r-devel-windows-x86_64 | 1.1.0 | 6.00 | 56.00 | 62.00 | NOTE | |
r-patched-linux-x86_64 | 1.1.0 | 5.31 | 41.93 | 47.24 | NOTE | |
r-release-linux-x86_64 | 1.1.0 | 4.93 | 41.71 | 46.64 | NOTE | |
r-release-macos-arm64 | 1.1.0 | 23.00 | NOTE | |||
r-release-macos-x86_64 | 1.1.0 | 30.00 | NOTE | |||
r-release-windows-x86_64 | 1.1.0 | 7.00 | 61.00 | 68.00 | NOTE | |
r-oldrel-macos-arm64 | 1.1.0 | 23.00 | NOTE | |||
r-oldrel-macos-x86_64 | 1.1.0 | 33.00 | NOTE | |||
r-oldrel-windows-x86_64 | 1.1.0 | 7.00 | 63.00 | 70.00 | NOTE |
Version: 1.1.0
Check: LazyData
Result: NOTE
'LazyData' is specified without a 'data' directory
Flavors: r-devel-linux-x86_64-debian-clang, r-devel-linux-x86_64-debian-gcc, r-devel-linux-x86_64-fedora-clang, r-devel-linux-x86_64-fedora-gcc, r-devel-windows-x86_64, r-patched-linux-x86_64, r-release-linux-x86_64, r-release-macos-arm64, r-release-macos-x86_64, r-release-windows-x86_64, r-oldrel-macos-arm64, r-oldrel-macos-x86_64, r-oldrel-windows-x86_64