Last updated on 2023-06-05 05:54:39 CEST.
Flavor | Version | Tinstall | Tcheck | Ttotal | Status | Flags |
---|---|---|---|---|---|---|
r-devel-linux-x86_64-debian-clang | 2.1.1 | 56.25 | 422.89 | 479.14 | OK | |
r-devel-linux-x86_64-debian-gcc | 2.1.1 | 48.14 | 321.52 | 369.66 | OK | |
r-devel-linux-x86_64-fedora-clang | 2.1.1 | 607.58 | NOTE | |||
r-devel-linux-x86_64-fedora-gcc | 2.1.1 | 616.69 | OK | |||
r-devel-windows-x86_64 | 2.1.1 | 48.00 | 287.00 | 335.00 | OK | |
r-patched-linux-x86_64 | 2.1.1 | 58.30 | 410.62 | 468.92 | OK | |
r-release-linux-x86_64 | 2.1.1 | 55.81 | 405.08 | 460.89 | OK | |
r-release-macos-arm64 | 2.1.1 | 177.00 | OK | |||
r-release-macos-x86_64 | 2.1.1 | 277.00 | OK | |||
r-release-windows-x86_64 | 2.1.1 | 68.00 | 373.00 | 441.00 | OK | |
r-oldrel-macos-arm64 | 2.1.1 | 128.00 | OK | |||
r-oldrel-macos-x86_64 | 2.1.1 | 198.00 | OK | |||
r-oldrel-windows-x86_64 | 2.1.1 | 67.00 | 355.00 | 422.00 | OK |
Version: 2.1.1
Check: package dependencies
Result: NOTE
Imports includes 26 non-default packages.
Importing from so many packages makes the package vulnerable to any of
them becoming unavailable. Move as many as possible to Suggests and
use conditionally.
Flavor: r-devel-linux-x86_64-fedora-clang