Last updated on 2023-05-28 05:52:11 CEST.
Flavor | Version | Tinstall | Tcheck | Ttotal | Status | Flags |
---|---|---|---|---|---|---|
r-devel-linux-x86_64-debian-clang | 2.0.1 | 32.23 | 153.59 | 185.82 | OK | |
r-devel-linux-x86_64-debian-gcc | 2.0.1 | 27.91 | 99.83 | 127.74 | OK | |
r-devel-linux-x86_64-fedora-clang | 2.0.1 | 248.48 | NOTE | |||
r-devel-linux-x86_64-fedora-gcc | 2.0.1 | 234.99 | OK | |||
r-devel-windows-x86_64 | 2.0.1 | 31.00 | 131.00 | 162.00 | NOTE | |
r-patched-linux-x86_64 | 2.0.1 | 32.58 | 133.18 | 165.76 | OK | |
r-release-linux-x86_64 | 2.0.1 | 29.38 | 133.22 | 162.60 | OK | |
r-release-macos-arm64 | 2.0.1 | 81.00 | NOTE | |||
r-release-macos-x86_64 | 2.0.1 | 139.00 | NOTE | |||
r-release-windows-x86_64 | 2.0.1 | 42.00 | 167.00 | 209.00 | NOTE | |
r-oldrel-macos-arm64 | 2.0.1 | 70.00 | NOTE | |||
r-oldrel-macos-x86_64 | 2.0.1 | 83.00 | NOTE | |||
r-oldrel-windows-x86_64 | 2.0.1 | 40.00 | 172.00 | 212.00 | NOTE |
Version: 2.0.1
Check: installed package size
Result: NOTE
installed size is 5.7Mb
sub-directories of 1Mb or more:
data 3.3Mb
doc 2.1Mb
Flavors: r-devel-linux-x86_64-fedora-clang, r-devel-windows-x86_64, r-release-macos-arm64, r-release-macos-x86_64, r-release-windows-x86_64, r-oldrel-macos-arm64, r-oldrel-macos-x86_64, r-oldrel-windows-x86_64