CRAN Package Check Results for Package lenses

Last updated on 2023-06-09 05:55:02 CEST.

Flavor Version Tinstall Tcheck Ttotal Status Flags
r-devel-linux-x86_64-debian-clang 0.0.3 2.68 29.50 32.18 NOTE
r-devel-linux-x86_64-debian-gcc 0.0.3 2.67 23.05 25.72 NOTE
r-devel-linux-x86_64-fedora-clang 0.0.3 41.45 NOTE
r-devel-linux-x86_64-fedora-gcc 0.0.3 40.39 NOTE
r-devel-windows-x86_64 0.0.3 4.00 53.00 57.00 NOTE
r-patched-linux-x86_64 0.0.3 4.14 28.63 32.77 NOTE
r-release-linux-x86_64 0.0.3 3.32 28.53 31.85 NOTE
r-release-macos-arm64 0.0.3 17.00 NOTE
r-release-macos-x86_64 0.0.3 25.00 NOTE
r-release-windows-x86_64 0.0.3 5.00 61.00 66.00 NOTE
r-oldrel-macos-arm64 0.0.3 17.00 NOTE
r-oldrel-macos-x86_64 0.0.3 24.00 NOTE
r-oldrel-windows-x86_64 0.0.3 5.00 49.00 54.00 NOTE

Check Details

Version: 0.0.3
Check: LazyData
Result: NOTE
     'LazyData' is specified without a 'data' directory
Flavors: r-devel-linux-x86_64-debian-clang, r-devel-linux-x86_64-debian-gcc, r-devel-linux-x86_64-fedora-clang, r-devel-linux-x86_64-fedora-gcc, r-devel-windows-x86_64, r-patched-linux-x86_64, r-release-linux-x86_64, r-release-macos-arm64, r-release-macos-x86_64, r-release-windows-x86_64, r-oldrel-macos-arm64, r-oldrel-macos-x86_64, r-oldrel-windows-x86_64

Version: 0.0.3
Check: Rd cross-references
Result: NOTE
    Undeclared packages ‘purrr’, ‘dplyr’ in Rd xrefs
Flavor: r-devel-linux-x86_64-fedora-clang