CRAN Package Check Results for Package lazyarray

Last updated on 2023-06-09 05:55:02 CEST.

Flavor Version Tinstall Tcheck Ttotal Status Flags
r-devel-linux-x86_64-debian-clang 1.1.0 42.29 43.61 85.90 NOTE
r-devel-linux-x86_64-debian-gcc 1.1.0 32.26 33.19 65.45 NOTE
r-devel-linux-x86_64-fedora-clang 1.1.0 122.03 NOTE
r-devel-linux-x86_64-fedora-gcc 1.1.0 136.09 NOTE
r-devel-windows-x86_64 1.1.0 39.00 83.00 122.00 NOTE
r-patched-linux-x86_64 1.1.0 36.38 41.27 77.65 NOTE
r-release-linux-x86_64 1.1.0 35.69 40.88 76.57 NOTE
r-release-macos-arm64 1.1.0 43.00 NOTE
r-release-macos-x86_64 1.1.0 65.00 NOTE
r-release-windows-x86_64 1.1.0 37.00 87.00 124.00 NOTE
r-oldrel-macos-arm64 1.1.0 37.00 OK
r-oldrel-macos-x86_64 1.1.0 46.00 OK
r-oldrel-windows-x86_64 1.1.0 47.00 86.00 133.00 OK

Check Details

Version: 1.1.0
Check: C++ specification
Result: NOTE
     Specified C++11: please drop specification unless essential
Flavors: r-devel-linux-x86_64-debian-clang, r-devel-linux-x86_64-debian-gcc, r-devel-linux-x86_64-fedora-clang, r-devel-linux-x86_64-fedora-gcc, r-devel-windows-x86_64, r-patched-linux-x86_64, r-release-linux-x86_64, r-release-macos-arm64, r-release-macos-x86_64, r-release-windows-x86_64