CRAN Package Check Results for Package lavaan.shiny

Last updated on 2023-05-29 05:55:06 CEST.

Flavor Version Tinstall Tcheck Ttotal Status Flags
r-devel-linux-x86_64-debian-clang 1.2 20.82 162.98 183.80 NOTE
r-devel-linux-x86_64-debian-gcc 1.2 16.61 119.84 136.45 NOTE
r-devel-linux-x86_64-fedora-clang 1.2 230.05 NOTE
r-devel-linux-x86_64-fedora-gcc 1.2 213.70 NOTE
r-devel-windows-x86_64 1.2 19.00 126.00 145.00 NOTE
r-patched-linux-x86_64 1.2 19.84 149.64 169.48 NOTE
r-release-linux-x86_64 1.2 18.43 148.72 167.15 NOTE
r-release-macos-arm64 1.2 67.00 NOTE
r-release-macos-x86_64 1.2 109.00 NOTE
r-release-windows-x86_64 1.2 24.00 160.00 184.00 NOTE
r-oldrel-macos-arm64 1.2 60.00 NOTE
r-oldrel-macos-x86_64 1.2 107.00 NOTE
r-oldrel-windows-x86_64 1.2 27.00 151.00 178.00 NOTE

Check Details

Version: 1.2
Check: LazyData
Result: NOTE
     'LazyData' is specified without a 'data' directory
Flavors: r-devel-linux-x86_64-debian-clang, r-devel-linux-x86_64-debian-gcc, r-devel-linux-x86_64-fedora-clang, r-devel-linux-x86_64-fedora-gcc, r-devel-windows-x86_64, r-patched-linux-x86_64, r-release-linux-x86_64, r-release-macos-arm64, r-release-macos-x86_64, r-release-windows-x86_64, r-oldrel-macos-arm64, r-oldrel-macos-x86_64, r-oldrel-windows-x86_64