Last updated on 2023-06-04 05:50:45 CEST.
Flavor | Version | Tinstall | Tcheck | Ttotal | Status | Flags |
---|---|---|---|---|---|---|
r-devel-linux-x86_64-debian-clang | 2.10.6 | 26.44 | 198.25 | 224.69 | NOTE | |
r-devel-linux-x86_64-debian-gcc | 2.10.6 | 17.86 | 142.54 | 160.40 | NOTE | |
r-devel-linux-x86_64-fedora-clang | 2.10.6 | 273.10 | NOTE | |||
r-devel-linux-x86_64-fedora-gcc | 2.10.6 | 272.50 | NOTE | |||
r-devel-windows-x86_64 | 2.10.6 | 28.00 | 171.00 | 199.00 | NOTE | |
r-patched-linux-x86_64 | 2.10.6 | 28.77 | 184.52 | 213.29 | NOTE | |
r-release-linux-x86_64 | 2.10.6 | 20.89 | 185.40 | 206.29 | NOTE | |
r-release-macos-arm64 | 2.10.6 | 76.00 | NOTE | |||
r-release-macos-x86_64 | 2.10.6 | 133.00 | NOTE | |||
r-release-windows-x86_64 | 2.10.6 | 32.00 | 197.00 | 229.00 | NOTE | |
r-oldrel-macos-arm64 | 2.10.6 | 67.00 | NOTE | |||
r-oldrel-macos-x86_64 | 2.10.6 | 98.00 | NOTE | |||
r-oldrel-windows-x86_64 | 2.10.6 | 31.00 | 186.00 | 217.00 | NOTE |
Version: 2.10.6
Check: package dependencies
Result: NOTE
Package suggested but not available for checking: ‘ergm.userterms’
Flavors: r-devel-linux-x86_64-debian-clang, r-devel-linux-x86_64-debian-gcc, r-devel-linux-x86_64-fedora-clang, r-devel-linux-x86_64-fedora-gcc, r-devel-windows-x86_64, r-patched-linux-x86_64, r-release-linux-x86_64, r-release-macos-arm64, r-release-macos-x86_64
Version: 2.10.6
Check: Rd files
Result: NOTE
checkRd: (-1) simulate.ergmm.Rd:35: Escaped LaTeX specials: \$
checkRd: (-1) simulate.ergmm.Rd:36: Escaped LaTeX specials: \$
Flavors: r-devel-linux-x86_64-debian-clang, r-devel-linux-x86_64-debian-gcc, r-devel-linux-x86_64-fedora-clang, r-devel-linux-x86_64-fedora-gcc, r-devel-windows-x86_64, r-patched-linux-x86_64, r-release-linux-x86_64, r-release-macos-arm64, r-release-macos-x86_64, r-release-windows-x86_64
Version: 2.10.6
Check: Rd cross-references
Result: NOTE
Unknown package ‘ergm.userterms’ in Rd xrefs
Flavors: r-devel-linux-x86_64-debian-clang, r-devel-linux-x86_64-debian-gcc, r-devel-linux-x86_64-fedora-clang, r-devel-linux-x86_64-fedora-gcc, r-devel-windows-x86_64, r-patched-linux-x86_64, r-release-linux-x86_64, r-release-macos-arm64, r-release-macos-x86_64
Version: 2.10.6
Check: for GNU extensions in Makefiles
Result: NOTE
GNU make is a SystemRequirements.
Flavors: r-devel-linux-x86_64-debian-clang, r-devel-linux-x86_64-debian-gcc, r-devel-linux-x86_64-fedora-clang, r-devel-linux-x86_64-fedora-gcc, r-devel-windows-x86_64, r-patched-linux-x86_64, r-release-linux-x86_64, r-release-macos-arm64, r-release-macos-x86_64, r-release-windows-x86_64, r-oldrel-macos-arm64, r-oldrel-macos-x86_64, r-oldrel-windows-x86_64