Last updated on 2023-06-10 05:52:36 CEST.
Flavor | Version | Tinstall | Tcheck | Ttotal | Status | Flags |
---|---|---|---|---|---|---|
r-devel-linux-x86_64-debian-clang | 1.0-1 | 13.60 | 132.58 | 146.18 | OK | |
r-devel-linux-x86_64-debian-gcc | 1.0-1 | 10.91 | 101.38 | 112.29 | OK | |
r-devel-linux-x86_64-fedora-clang | 1.0-1 | 177.35 | NOTE | |||
r-devel-linux-x86_64-fedora-gcc | 1.0-1 | 175.96 | OK | |||
r-devel-windows-x86_64 | 1.0-1 | 13.00 | 106.00 | 119.00 | NOTE | |
r-patched-linux-x86_64 | 1.0-1 | 10.68 | 125.89 | 136.57 | OK | |
r-release-linux-x86_64 | 1.0-1 | 12.77 | 124.81 | 137.58 | OK | |
r-release-macos-arm64 | 1.0-1 | 48.00 | NOTE | |||
r-release-macos-x86_64 | 1.0-1 | 89.00 | NOTE | |||
r-release-windows-x86_64 | 1.0-1 | 16.00 | 130.00 | 146.00 | NOTE | |
r-oldrel-macos-arm64 | 1.0-1 | 90.00 | NOTE | |||
r-oldrel-macos-x86_64 | 1.0-1 | 141.00 | NOTE | |||
r-oldrel-windows-x86_64 | 1.0-1 | 17.00 | 136.00 | 153.00 | NOTE |
Version: 1.0-1
Check: installed package size
Result: NOTE
installed size is 8.4Mb
sub-directories of 1Mb or more:
data 8.3Mb
Flavors: r-devel-linux-x86_64-fedora-clang, r-devel-windows-x86_64, r-release-macos-arm64, r-release-macos-x86_64, r-release-windows-x86_64, r-oldrel-macos-arm64, r-oldrel-macos-x86_64, r-oldrel-windows-x86_64
Version: 1.0-1
Check: Rd cross-references
Result: NOTE
Undeclared package ‘spdep’ in Rd xrefs
Flavor: r-devel-linux-x86_64-fedora-clang