CRAN Package Check Results for Package lacrmr

Last updated on 2023-06-05 05:54:38 CEST.

Flavor Version Tinstall Tcheck Ttotal Status Flags
r-devel-linux-x86_64-debian-clang 1.0.5 4.33 46.13 50.46 OK
r-devel-linux-x86_64-debian-gcc 1.0.5 3.89 35.16 39.05 OK
r-devel-linux-x86_64-fedora-clang 1.0.5 64.32 NOTE
r-devel-linux-x86_64-fedora-gcc 1.0.5 72.81 NOTE
r-devel-windows-x86_64 1.0.5 7.00 57.00 64.00 OK
r-patched-linux-x86_64 1.0.5 2.98 43.79 46.77 OK
r-release-linux-x86_64 1.0.5 4.20 43.68 47.88 OK
r-release-macos-arm64 1.0.5 28.00 OK
r-release-macos-x86_64 1.0.5 37.00 OK
r-release-windows-x86_64 1.0.5 7.00 63.00 70.00 OK
r-oldrel-macos-arm64 1.0.5 30.00 NOTE
r-oldrel-macos-x86_64 1.0.5 37.00 NOTE
r-oldrel-windows-x86_64 1.0.5 7.00 66.00 73.00 OK

Check Details

Version: 1.0.5
Check: dependencies in R code
Result: NOTE
    Namespace in Imports field not imported from: ‘stringr’
     All declared Imports should be used.
Flavors: r-devel-linux-x86_64-fedora-clang, r-devel-linux-x86_64-fedora-gcc, r-oldrel-macos-arm64, r-oldrel-macos-x86_64