CRAN Package Check Results for Package l0ara

Last updated on 2023-06-08 05:58:12 CEST.

Flavor Version Tinstall Tcheck Ttotal Status Flags
r-devel-linux-x86_64-debian-clang 0.1.6 32.41 31.09 63.50 NOTE
r-devel-linux-x86_64-debian-gcc 0.1.6 28.01 24.12 52.13 NOTE
r-devel-linux-x86_64-fedora-clang 0.1.6 99.35 NOTE
r-devel-linux-x86_64-fedora-gcc 0.1.6 102.30 NOTE
r-devel-windows-x86_64 0.1.6 28.00 67.00 95.00 NOTE
r-patched-linux-x86_64 0.1.6 26.96 30.31 57.27 NOTE
r-release-linux-x86_64 0.1.6 35.10 29.75 64.85 NOTE
r-release-macos-arm64 0.1.6 30.00 NOTE
r-release-macos-x86_64 0.1.6 44.00 NOTE
r-release-windows-x86_64 0.1.6 37.00 73.00 110.00 NOTE
r-oldrel-macos-arm64 0.1.6 28.00 NOTE
r-oldrel-macos-x86_64 0.1.6 36.00 NOTE
r-oldrel-windows-x86_64 0.1.6 35.00 69.00 104.00 NOTE

Check Details

Version: 0.1.6
Check: LazyData
Result: NOTE
     'LazyData' is specified without a 'data' directory
Flavors: r-devel-linux-x86_64-debian-clang, r-devel-linux-x86_64-debian-gcc, r-devel-linux-x86_64-fedora-clang, r-devel-linux-x86_64-fedora-gcc, r-devel-windows-x86_64, r-patched-linux-x86_64, r-release-linux-x86_64, r-release-macos-arm64, r-release-macos-x86_64, r-release-windows-x86_64, r-oldrel-macos-arm64, r-oldrel-macos-x86_64, r-oldrel-windows-x86_64