CRAN Package Check Results for Package kfino

Last updated on 2023-06-10 05:52:35 CEST.

Flavor Version Tinstall Tcheck Ttotal Status Flags
r-devel-linux-x86_64-debian-clang 1.0.0 7.03 249.56 256.59 OK
r-devel-linux-x86_64-debian-gcc 1.0.0 6.12 185.70 191.82 OK
r-devel-linux-x86_64-fedora-clang 1.0.0 303.14 OK
r-devel-linux-x86_64-fedora-gcc 1.0.0 330.38 OK
r-devel-windows-x86_64 1.0.0 9.00 234.00 243.00 OK
r-patched-linux-x86_64 1.0.0 6.18 242.99 249.17 OK
r-release-linux-x86_64 1.0.0 6.53 239.56 246.09 OK
r-release-macos-arm64 1.0.0 86.00 OK
r-release-macos-x86_64 1.0.0 144.00 OK
r-release-windows-x86_64 1.0.0 10.00 238.00 248.00 OK
r-oldrel-macos-arm64 1.0.0 98.00 ERROR
r-oldrel-macos-x86_64 1.0.0 123.00 ERROR
r-oldrel-windows-x86_64 1.0.0 10.00 237.00 247.00 OK

Check Details

Version: 1.0.0
Check: PDF version of manual
Result: WARN
    LaTeX errors when creating PDF version.
    This typically indicates Rd problems.
    LaTeX errors found:
    ! Undefined control sequence.
    <argument> y \mapsto \text
     {doutlier}(y,K,\text {expertMin},\text {expertMax})
    l.80 ...(y,K,\text{expertMin},\text{expertMax})}{}
    
    ! Undefined control sequence.
    <argument> y \mapsto \text {doutlier}(y,K,\text
     {expertMin},\text {expertMax})
    l.80 ...(y,K,\text{expertMin},\text{expertMax})}{}
    
    ! Undefined control sequence.
    <argument> ...utlier}(y,K,\text {expertMin},\text
     {expertMax})
    l.80 ...(y,K,\text{expertMin},\text{expertMax})}{}
    
    ! Undefined control sequence.
    <argument> [\text
     {expertMin},\text {expertMax}]
    l.82 \eqn{[\text{expertMin},\text{expertMax}]}{}
     which is linear and verifies
    ! Undefined control sequence.
    <argument> [\text {expertMin},\text
     {expertMax}]
    l.82 \eqn{[\text{expertMin},\text{expertMax}]}{}
     which is linear and verifies
    ! Undefined control sequence.
    <recently read> \text
    
    l.84 ...},K,\text{expertMin},\text{expertMax}).}{}
    
    ! Undefined control sequence.
    <argument> \text {doutlier}(\text
     {expertMax},K,\text {expertMin},\text {exp...
    l.84 ...},K,\text{expertMin},\text{expertMax}).}{}
    
    ! Undefined control sequence.
    <argument> ...doutlier}(\text {expertMax},K,\text
     {expertMin},\text {expertM...
    l.84 ...},K,\text{expertMin},\text{expertMax}).}{}
    
    ! Undefined control sequence.
    <argument> ...xpertMax},K,\text {expertMin},\text
     {expertMax}) =K*\text {dou...
    l.84 ...},K,\text{expertMin},\text{expertMax}).}{}
    
    ! Undefined control sequence.
    <argument> ...ertMin},\text {expertMax}) =K*\text
     {doutlier}(\text {expertMi...
    l.84 ...},K,\text{expertMin},\text{expertMax}).}{}
    
    ! Undefined control sequence.
    <argument> ...pertMax}) =K*\text {doutlier}(\text
     {expertMin},K,\text {exper...
    l.84 ...},K,\text{expertMin},\text{expertMax}).}{}
    
    ! Undefined control sequence.
    <argument> ...doutlier}(\text {expertMin},K,\text
     {expertMin},\text {expertM...
    l.84 ...},K,\text{expertMin},\text{expertMax}).}{}
    
    ! Undefined control sequence.
    <argument> ...xpertMin},K,\text {expertMin},\text
     {expertMax}).
    l.84 ...},K,\text{expertMin},\text{expertMax}).}{}
Flavors: r-oldrel-macos-arm64, r-oldrel-macos-x86_64

Version: 1.0.0
Check: PDF version of manual without index
Result: ERROR
Flavors: r-oldrel-macos-arm64, r-oldrel-macos-x86_64