CRAN Package Check Results for Package kfda

Last updated on 2023-05-30 05:57:37 CEST.

Flavor Version Tinstall Tcheck Ttotal Status Flags
r-devel-linux-x86_64-debian-clang 1.0.0 4.38 42.32 46.70 NOTE
r-devel-linux-x86_64-debian-gcc 1.0.0 3.82 33.12 36.94 NOTE
r-devel-linux-x86_64-fedora-clang 1.0.0 59.65 NOTE
r-devel-linux-x86_64-fedora-gcc 1.0.0 56.24 NOTE
r-devel-windows-x86_64 1.0.0 5.00 50.00 55.00 NOTE
r-patched-linux-x86_64 1.0.0 4.64 40.39 45.03 NOTE
r-release-linux-x86_64 1.0.0 4.00 41.11 45.11 NOTE
r-release-macos-arm64 1.0.0 22.00 NOTE
r-release-macos-x86_64 1.0.0 32.00 NOTE
r-release-windows-x86_64 1.0.0 4.00 55.00 59.00 NOTE
r-oldrel-macos-arm64 1.0.0 23.00 NOTE
r-oldrel-macos-x86_64 1.0.0 29.00 NOTE
r-oldrel-windows-x86_64 1.0.0 6.00 60.00 66.00 NOTE

Check Details

Version: 1.0.0
Check: LazyData
Result: NOTE
     'LazyData' is specified without a 'data' directory
Flavors: r-devel-linux-x86_64-debian-clang, r-devel-linux-x86_64-debian-gcc, r-devel-linux-x86_64-fedora-clang, r-devel-linux-x86_64-fedora-gcc, r-devel-windows-x86_64, r-patched-linux-x86_64, r-release-linux-x86_64, r-release-macos-arm64, r-release-macos-x86_64, r-release-windows-x86_64, r-oldrel-macos-arm64, r-oldrel-macos-x86_64, r-oldrel-windows-x86_64