CRAN Package Check Results for Package kernhaz

Last updated on 2023-06-08 05:58:12 CEST.

Flavor Version Tinstall Tcheck Ttotal Status Flags
r-devel-linux-x86_64-debian-clang 0.1.0 5.70 60.49 66.19 NOTE
r-devel-linux-x86_64-debian-gcc 0.1.0 4.24 46.86 51.10 NOTE
r-devel-linux-x86_64-fedora-clang 0.1.0 83.02 NOTE
r-devel-linux-x86_64-fedora-gcc 0.1.0 81.26 NOTE
r-devel-windows-x86_64 0.1.0 7.00 64.00 71.00 NOTE
r-patched-linux-x86_64 0.1.0 6.34 58.94 65.28 NOTE
r-release-linux-x86_64 0.1.0 6.13 59.19 65.32 NOTE
r-release-macos-arm64 0.1.0 30.00 NOTE
r-release-macos-x86_64 0.1.0 45.00 NOTE
r-release-windows-x86_64 0.1.0 8.00 77.00 85.00 NOTE
r-oldrel-macos-arm64 0.1.0 26.00 NOTE
r-oldrel-macos-x86_64 0.1.0 38.00 NOTE
r-oldrel-windows-x86_64 0.1.0 9.00 80.00 89.00 NOTE

Check Details

Version: 0.1.0
Check: LazyData
Result: NOTE
     'LazyData' is specified without a 'data' directory
Flavors: r-devel-linux-x86_64-debian-clang, r-devel-linux-x86_64-debian-gcc, r-devel-linux-x86_64-fedora-clang, r-devel-linux-x86_64-fedora-gcc, r-devel-windows-x86_64, r-patched-linux-x86_64, r-release-linux-x86_64, r-release-macos-arm64, r-release-macos-x86_64, r-release-windows-x86_64, r-oldrel-macos-arm64, r-oldrel-macos-x86_64, r-oldrel-windows-x86_64