CRAN Package Check Results for Package kdist

Last updated on 2023-06-02 05:58:01 CEST.

Flavor Version Tinstall Tcheck Ttotal Status Flags
r-devel-linux-x86_64-debian-clang 0.2 2.18 20.97 23.15 NOTE
r-devel-linux-x86_64-debian-gcc 0.2 1.66 16.72 18.38 NOTE
r-devel-linux-x86_64-fedora-clang 0.2 29.20 NOTE
r-devel-linux-x86_64-fedora-gcc 0.2 27.51 NOTE
r-devel-windows-x86_64 0.2 3.00 38.00 41.00 NOTE
r-patched-linux-x86_64 0.2 NOTE
r-release-linux-x86_64 0.2 1.57 20.49 22.06 NOTE
r-release-macos-arm64 0.2 14.00 NOTE
r-release-macos-x86_64 0.2 18.00 NOTE
r-release-windows-x86_64 0.2 3.00 46.00 49.00 NOTE
r-oldrel-macos-arm64 0.2 17.00 NOTE
r-oldrel-macos-x86_64 0.2 19.00 NOTE
r-oldrel-windows-x86_64 0.2 7.00 43.00 50.00 NOTE

Check Details

Version: 0.2
Check: LazyData
Result: NOTE
     'LazyData' is specified without a 'data' directory
Flavors: r-devel-linux-x86_64-debian-clang, r-devel-linux-x86_64-debian-gcc, r-devel-linux-x86_64-fedora-clang, r-devel-linux-x86_64-fedora-gcc, r-devel-windows-x86_64, r-patched-linux-x86_64, r-release-linux-x86_64, r-release-macos-arm64, r-release-macos-x86_64, r-release-windows-x86_64, r-oldrel-macos-arm64, r-oldrel-macos-x86_64, r-oldrel-windows-x86_64