CRAN Package Check Results for Package jmv

Last updated on 2024-02-28 05:12:54 CET.

Flavor Version Tinstall Tcheck Ttotal Status Flags
r-devel-linux-x86_64-debian-clang 2.4.11 94.31 172.20 266.51 OK
r-devel-linux-x86_64-debian-gcc 2.4.11 89.64 124.22 213.86 OK
r-devel-linux-x86_64-fedora-clang 2.4.11 391.18 NOTE
r-devel-linux-x86_64-fedora-gcc 2.4.11 355.84 NOTE
r-devel-windows-x86_64 2.4.11 83.00 142.00 225.00 NOTE
r-patched-linux-x86_64 2.4.11 85.85 168.31 254.16 OK
r-release-linux-x86_64 2.4.11 87.47 166.07 253.54 OK
r-release-macos-arm64 2.4.11 76.00 NOTE
r-release-macos-x86_64 2.4.11 146.00 NOTE
r-release-windows-x86_64 2.4.11 113.00 178.00 291.00 NOTE
r-oldrel-macos-arm64 2.4.11 84.00 NOTE
r-oldrel-windows-x86_64 2.4.11 114.00 178.00 292.00 NOTE

Check Details

Version: 2.4.11
Check: package dependencies
Result: NOTE Imports includes 23 non-default packages. Importing from so many packages makes the package vulnerable to any of them becoming unavailable. Move as many as possible to Suggests and use conditionally. Flavor: r-devel-linux-x86_64-fedora-clang

Version: 2.4.11
Check: installed package size
Result: NOTE installed size is 10.6Mb sub-directories of 1Mb or more: R 3.9Mb i18n 6.5Mb Flavors: r-devel-linux-x86_64-fedora-clang, r-devel-windows-x86_64, r-release-macos-arm64, r-release-macos-x86_64, r-release-windows-x86_64, r-oldrel-macos-arm64, r-oldrel-windows-x86_64

Version: 2.4.11
Check: dependencies in R code
Result: NOTE Namespaces in Imports field not imported from: ‘BayesFactor’ ‘GGally’ ‘GPArotation’ ‘MASS’ ‘PMCMR’ ‘R6’ ‘ROCR’ ‘afex’ ‘car’ ‘dplyr’ ‘emmeans’ ‘ggrepel’ ‘ggridges’ ‘lavaan’ ‘multcomp’ ‘mvnormtest’ ‘nnet’ ‘psych’ ‘vcd’ ‘vcdExtra’ All declared Imports should be used. Flavors: r-devel-linux-x86_64-fedora-clang, r-devel-linux-x86_64-fedora-gcc