CRAN Package Check Results for Package ivsacim

Last updated on 2023-05-30 05:57:36 CEST.

Flavor Version Tinstall Tcheck Ttotal Status Flags
r-devel-linux-x86_64-debian-clang 2.1.0 46.91 31.85 78.76 NOTE
r-devel-linux-x86_64-debian-gcc 2.1.0 32.93 24.81 57.74 NOTE
r-devel-linux-x86_64-fedora-clang 2.1.0 109.28 NOTE
r-devel-linux-x86_64-fedora-gcc 2.1.0 100.54 NOTE
r-devel-windows-x86_64 2.1.0 32.00 73.00 105.00 NOTE
r-patched-linux-x86_64 2.1.0 33.87 31.01 64.88 NOTE
r-release-linux-x86_64 2.1.0 35.71 30.40 66.11 NOTE
r-release-macos-arm64 2.1.0 28.00 NOTE
r-release-macos-x86_64 2.1.0 42.00 NOTE
r-release-windows-x86_64 2.1.0 42.00 77.00 119.00 NOTE
r-oldrel-macos-arm64 2.1.0 30.00 OK
r-oldrel-macos-x86_64 2.1.0 37.00 OK
r-oldrel-windows-x86_64 2.1.0 41.00 75.00 116.00 OK

Check Details

Version: 2.1.0
Check: C++ specification
Result: NOTE
     Specified C++11: please drop specification unless essential
Flavors: r-devel-linux-x86_64-debian-clang, r-devel-linux-x86_64-debian-gcc, r-devel-linux-x86_64-fedora-clang, r-devel-linux-x86_64-fedora-gcc, r-devel-windows-x86_64, r-patched-linux-x86_64, r-release-linux-x86_64, r-release-macos-arm64, r-release-macos-x86_64, r-release-windows-x86_64