Last updated on 2023-05-30 05:57:36 CEST.
Flavor | Version | Tinstall | Tcheck | Ttotal | Status | Flags |
---|---|---|---|---|---|---|
r-devel-linux-x86_64-debian-clang | 3.0.0 | 2.65 | 56.01 | 58.66 | NOTE | |
r-devel-linux-x86_64-debian-gcc | 3.0.0 | 1.60 | 43.82 | 45.42 | NOTE | |
r-devel-linux-x86_64-fedora-clang | 3.0.0 | 74.70 | NOTE | |||
r-devel-linux-x86_64-fedora-gcc | 3.0.0 | 71.72 | NOTE | |||
r-devel-windows-x86_64 | 3.0.0 | 5.00 | 94.00 | 99.00 | NOTE | |
r-patched-linux-x86_64 | 3.0.0 | 3.58 | 54.24 | 57.82 | NOTE | |
r-release-linux-x86_64 | 3.0.0 | 2.48 | 54.39 | 56.87 | NOTE | |
r-release-macos-arm64 | 3.0.0 | 35.00 | NOTE | |||
r-release-macos-x86_64 | 3.0.0 | 44.00 | NOTE | |||
r-release-windows-x86_64 | 3.0.0 | 4.00 | 101.00 | 105.00 | NOTE | |
r-oldrel-macos-arm64 | 3.0.0 | 32.00 | OK | |||
r-oldrel-macos-x86_64 | 3.0.0 | 42.00 | OK | |||
r-oldrel-windows-x86_64 | 3.0.0 | 7.00 | 101.00 | 108.00 | OK |
Version: 3.0.0
Check: Rd files
Result: NOTE
checkRd: (-1) pine.Rd:20: Escaped LaTeX specials: \&
Flavors: r-devel-linux-x86_64-debian-clang, r-devel-linux-x86_64-debian-gcc, r-devel-linux-x86_64-fedora-clang, r-devel-linux-x86_64-fedora-gcc, r-devel-windows-x86_64, r-patched-linux-x86_64, r-release-linux-x86_64, r-release-macos-arm64, r-release-macos-x86_64, r-release-windows-x86_64