CRAN Package Check Results for Package isatabr

Last updated on 2023-12-11 04:51:09 CET.

Flavor Version Tinstall Tcheck Ttotal Status Flags
r-devel-linux-x86_64-debian-clang 1.0.1 3.83 97.53 101.36 OK
r-devel-linux-x86_64-debian-gcc 1.0.1 3.23 75.34 78.57 OK
r-devel-linux-x86_64-fedora-clang 1.0.1 57.65 NOTE
r-devel-linux-x86_64-fedora-gcc 1.0.1 66.39 NOTE
r-devel-windows-x86_64 1.0.1 10.00 111.00 121.00 OK
r-patched-linux-x86_64 1.0.1 5.99 98.84 104.83 OK
r-release-linux-x86_64 1.0.1 4.07 94.24 98.31 OK
r-release-macos-arm64 1.0.1 32.00 NOTE
r-release-macos-x86_64 1.0.1 42.00 NOTE
r-release-windows-x86_64 1.0.1 8.00 135.00 143.00 OK
r-oldrel-macos-arm64 1.0.1 38.00 OK
r-oldrel-macos-x86_64 1.0.1 51.00 OK
r-oldrel-windows-x86_64 1.0.1 11.00 115.00 126.00 OK

Check Details

Version: 1.0.1
Check: package dependencies
Result: NOTE Package suggested but not available for checking: ‘xcms’ Flavors: r-devel-linux-x86_64-fedora-clang, r-devel-linux-x86_64-fedora-gcc, r-release-macos-arm64, r-release-macos-x86_64