Last updated on 2023-06-03 05:52:33 CEST.
Flavor | Version | Tinstall | Tcheck | Ttotal | Status | Flags |
---|---|---|---|---|---|---|
r-devel-linux-x86_64-debian-clang | 1.0.2 | 6.79 | 183.12 | 189.91 | NOTE | |
r-devel-linux-x86_64-debian-gcc | 1.0.2 | 5.09 | 139.20 | 144.29 | NOTE | |
r-devel-linux-x86_64-fedora-clang | 1.0.2 | 226.55 | NOTE | |||
r-devel-linux-x86_64-fedora-gcc | 1.0.2 | 231.24 | NOTE | |||
r-devel-windows-x86_64 | 1.0.2 | 8.00 | 137.00 | 145.00 | NOTE | |
r-patched-linux-x86_64 | 1.0.2 | NOTE | ||||
r-release-linux-x86_64 | 1.0.2 | 6.92 | 177.22 | 184.14 | NOTE | |
r-release-macos-arm64 | 1.0.2 | 79.00 | NOTE | |||
r-release-macos-x86_64 | 1.0.2 | 121.00 | NOTE | |||
r-release-windows-x86_64 | 1.0.2 | 9.00 | 186.00 | 195.00 | NOTE | |
r-oldrel-macos-arm64 | 1.0.2 | 57.00 | NOTE | |||
r-oldrel-macos-x86_64 | 1.0.2 | 146.00 | NOTE | |||
r-oldrel-windows-x86_64 | 1.0.2 | 8.00 | 195.00 | 203.00 | NOTE |
Version: 1.0.2
Check: LazyData
Result: NOTE
'LazyData' is specified without a 'data' directory
Flavors: r-devel-linux-x86_64-debian-clang, r-devel-linux-x86_64-debian-gcc, r-devel-linux-x86_64-fedora-clang, r-devel-linux-x86_64-fedora-gcc, r-devel-windows-x86_64, r-patched-linux-x86_64, r-release-linux-x86_64, r-release-macos-arm64, r-release-macos-x86_64, r-release-windows-x86_64, r-oldrel-macos-arm64, r-oldrel-macos-x86_64, r-oldrel-windows-x86_64