Last updated on 2023-06-03 05:52:33 CEST.
Flavor | Version | Tinstall | Tcheck | Ttotal | Status | Flags |
---|---|---|---|---|---|---|
r-devel-linux-x86_64-debian-clang | 1.4.2 | 3.71 | 51.52 | 55.23 | OK | |
r-devel-linux-x86_64-debian-gcc | 1.4.2 | 3.12 | 40.20 | 43.32 | OK | |
r-devel-linux-x86_64-fedora-clang | 1.4.2 | 70.75 | NOTE | |||
r-devel-linux-x86_64-fedora-gcc | 1.4.2 | 79.24 | OK | |||
r-devel-windows-x86_64 | 1.4.2 | 5.00 | 87.00 | 92.00 | OK | |
r-patched-linux-x86_64 | 1.4.2 | OK | ||||
r-release-linux-x86_64 | 1.4.2 | 4.21 | 49.65 | 53.86 | OK | |
r-release-macos-arm64 | 1.4.2 | 35.00 | OK | |||
r-release-macos-x86_64 | 1.4.2 | 50.00 | OK | |||
r-release-windows-x86_64 | 1.4.2 | 6.00 | 87.00 | 93.00 | OK | |
r-oldrel-macos-arm64 | 1.4.2 | 34.00 | OK | |||
r-oldrel-macos-x86_64 | 1.4.2 | 37.00 | OK | |||
r-oldrel-windows-x86_64 | 1.4.2 | 6.00 | 88.00 | 94.00 | OK |
Version: 1.4.2
Check: Rd cross-references
Result: NOTE
Undeclared packages ‘nlstools’, ‘lme4’ in Rd xrefs
Flavor: r-devel-linux-x86_64-fedora-clang