Last updated on 2023-05-30 05:57:36 CEST.
Flavor | Version | Tinstall | Tcheck | Ttotal | Status | Flags |
---|---|---|---|---|---|---|
r-devel-linux-x86_64-debian-clang | 0.0.1 | 4.35 | 40.57 | 44.92 | NOTE | |
r-devel-linux-x86_64-debian-gcc | 0.0.1 | 3.53 | 31.66 | 35.19 | NOTE | |
r-devel-linux-x86_64-fedora-clang | 0.0.1 | 55.35 | NOTE | |||
r-devel-linux-x86_64-fedora-gcc | 0.0.1 | 53.72 | NOTE | |||
r-devel-windows-x86_64 | 0.0.1 | 6.00 | 59.00 | 65.00 | NOTE | |
r-patched-linux-x86_64 | 0.0.1 | 3.05 | 39.57 | 42.62 | NOTE | |
r-release-linux-x86_64 | 0.0.1 | 3.09 | 39.01 | 42.10 | NOTE | |
r-release-macos-arm64 | 0.0.1 | 22.00 | NOTE | |||
r-release-macos-x86_64 | 0.0.1 | 32.00 | NOTE | |||
r-release-windows-x86_64 | 0.0.1 | 7.00 | 61.00 | 68.00 | NOTE | |
r-oldrel-macos-arm64 | 0.0.1 | 22.00 | NOTE | |||
r-oldrel-macos-x86_64 | 0.0.1 | 38.00 | NOTE | |||
r-oldrel-windows-x86_64 | 0.0.1 | 8.00 | 68.00 | 76.00 | NOTE |
Version: 0.0.1
Check: LazyData
Result: NOTE
'LazyData' is specified without a 'data' directory
Flavors: r-devel-linux-x86_64-debian-clang, r-devel-linux-x86_64-debian-gcc, r-devel-linux-x86_64-fedora-clang, r-devel-linux-x86_64-fedora-gcc, r-devel-windows-x86_64, r-patched-linux-x86_64, r-release-linux-x86_64, r-release-macos-arm64, r-release-macos-x86_64, r-release-windows-x86_64, r-oldrel-macos-arm64, r-oldrel-macos-x86_64, r-oldrel-windows-x86_64