Last updated on 2023-06-05 05:54:38 CEST.
Flavor | Version | Tinstall | Tcheck | Ttotal | Status | Flags |
---|---|---|---|---|---|---|
r-devel-linux-x86_64-debian-clang | 0.1.0 | 17.14 | 155.58 | 172.72 | OK | |
r-devel-linux-x86_64-debian-gcc | 0.1.0 | 11.92 | 118.35 | 130.27 | OK | |
r-devel-linux-x86_64-fedora-clang | 0.1.0 | 212.91 | NOTE | |||
r-devel-linux-x86_64-fedora-gcc | 0.1.0 | 218.00 | NOTE | |||
r-devel-windows-x86_64 | 0.1.0 | 18.00 | 121.00 | 139.00 | OK | |
r-patched-linux-x86_64 | 0.1.0 | 12.80 | 145.86 | 158.66 | OK | |
r-release-linux-x86_64 | 0.1.0 | 13.36 | 147.01 | 160.37 | OK | |
r-release-macos-arm64 | 0.1.0 | 72.00 | OK | |||
r-release-macos-x86_64 | 0.1.0 | 112.00 | OK | |||
r-release-windows-x86_64 | 0.1.0 | 20.00 | 152.00 | 172.00 | OK | |
r-oldrel-macos-arm64 | 0.1.0 | 66.00 | NOTE | |||
r-oldrel-macos-x86_64 | 0.1.0 | 100.00 | NOTE | |||
r-oldrel-windows-x86_64 | 0.1.0 | 21.00 | 163.00 | 184.00 | OK |
Version: 0.1.0
Check: dependencies in R code
Result: NOTE
Namespaces in Imports field not imported from:
‘grDevices’ ‘methods’ ‘mlbench’ ‘parallel’ ‘utils’
All declared Imports should be used.
Flavors: r-devel-linux-x86_64-fedora-clang, r-devel-linux-x86_64-fedora-gcc, r-oldrel-macos-arm64, r-oldrel-macos-x86_64