Last updated on 2023-06-09 05:55:01 CEST.
Flavor | Version | Tinstall | Tcheck | Ttotal | Status | Flags |
---|---|---|---|---|---|---|
r-devel-linux-x86_64-debian-clang | 3.0.4 | 8.73 | 55.50 | 64.23 | OK | |
r-devel-linux-x86_64-debian-gcc | 3.0.4 | 7.04 | 42.74 | 49.78 | OK | |
r-devel-linux-x86_64-fedora-clang | 3.0.4 | 80.36 | NOTE | |||
r-devel-linux-x86_64-fedora-gcc | 3.0.4 | 89.84 | NOTE | |||
r-devel-windows-x86_64 | 3.0.4 | 9.00 | 69.00 | 78.00 | OK | |
r-patched-linux-x86_64 | 3.0.4 | 6.94 | 53.03 | 59.97 | OK | |
r-release-linux-x86_64 | 3.0.4 | 7.54 | 52.33 | 59.87 | OK | |
r-release-macos-arm64 | 3.0.4 | 33.00 | OK | |||
r-release-macos-x86_64 | 3.0.4 | 50.00 | OK | |||
r-release-windows-x86_64 | 3.0.4 | 11.00 | 72.00 | 83.00 | OK | |
r-oldrel-macos-arm64 | 3.0.4 | 27.00 | NOTE | |||
r-oldrel-macos-x86_64 | 3.0.4 | 36.00 | NOTE | |||
r-oldrel-windows-x86_64 | 3.0.4 | 11.00 | 66.00 | 77.00 | OK |
Version: 3.0.4
Check: dependencies in R code
Result: NOTE
Namespace in Imports field not imported from: ‘splines2’
All declared Imports should be used.
Flavors: r-devel-linux-x86_64-fedora-clang, r-devel-linux-x86_64-fedora-gcc, r-oldrel-macos-arm64, r-oldrel-macos-x86_64