Last updated on 2023-06-02 05:58:00 CEST.
Flavor | Version | Tinstall | Tcheck | Ttotal | Status | Flags |
---|---|---|---|---|---|---|
r-devel-linux-x86_64-debian-clang | 1.2.0.1 | 6.82 | 21.76 | 28.58 | OK | |
r-devel-linux-x86_64-debian-gcc | 1.2.0.1 | 4.68 | 17.32 | 22.00 | OK | |
r-devel-linux-x86_64-fedora-clang | 1.2.0.1 | 40.13 | NOTE | |||
r-devel-linux-x86_64-fedora-gcc | 1.2.0.1 | 35.46 | NOTE | |||
r-devel-windows-x86_64 | 1.2.0.1 | 8.00 | 64.00 | 72.00 | OK | |
r-patched-linux-x86_64 | 1.2.0.1 | OK | ||||
r-release-linux-x86_64 | 1.2.0.1 | 5.60 | 21.53 | 27.13 | OK | |
r-release-macos-arm64 | 1.2.0.1 | 18.00 | OK | |||
r-release-macos-x86_64 | 1.2.0.1 | 24.00 | OK | |||
r-release-windows-x86_64 | 1.2.0.1 | 7.00 | 73.00 | 80.00 | OK | |
r-oldrel-macos-arm64 | 1.2.0.1 | 21.00 | OK | |||
r-oldrel-macos-x86_64 | 1.2.0.1 | 25.00 | OK | |||
r-oldrel-windows-x86_64 | 1.2.0.1 | 12.00 | 66.00 | 78.00 | OK |
Version: 1.2.0.1
Check: compiled code
Result: NOTE
File ‘infotheo/libs/infotheo.so’:
Found no calls to: ‘R_registerRoutines’, ‘R_useDynamicSymbols’
It is good practice to register native routines and to disable symbol
search.
See ‘Writing portable packages’ in the ‘Writing R Extensions’ manual.
Flavors: r-devel-linux-x86_64-fedora-clang, r-devel-linux-x86_64-fedora-gcc