Last updated on 2023-06-10 05:52:35 CEST.
Flavor | Version | Tinstall | Tcheck | Ttotal | Status | Flags |
---|---|---|---|---|---|---|
r-devel-linux-x86_64-debian-clang | 2.2.7 | 6.72 | 61.37 | 68.09 | OK | |
r-devel-linux-x86_64-debian-gcc | 2.2.7 | 6.66 | 47.07 | 53.73 | OK | |
r-devel-linux-x86_64-fedora-clang | 2.2.7 | 85.02 | OK | |||
r-devel-linux-x86_64-fedora-gcc | 2.2.7 | 93.69 | OK | |||
r-devel-windows-x86_64 | 2.2.7 | 8.00 | 74.00 | 82.00 | OK | |
r-patched-linux-x86_64 | 2.2.7 | 5.38 | 57.74 | 63.12 | OK | |
r-release-linux-x86_64 | 2.2.7 | 6.15 | 57.47 | 63.62 | OK | |
r-release-macos-arm64 | 2.2.7 | 34.00 | OK | |||
r-release-macos-x86_64 | 2.2.6 | 50.00 | NOTE | |||
r-release-windows-x86_64 | 2.2.7 | 11.00 | 82.00 | 93.00 | OK | |
r-oldrel-macos-arm64 | 2.2.7 | 31.00 | OK | |||
r-oldrel-macos-x86_64 | 2.2.7 | 40.00 | OK | |||
r-oldrel-windows-x86_64 | 2.2.7 | 10.00 | 82.00 | 92.00 | OK |
Version: 2.2.6
Check: package dependencies
Result: NOTE
Package suggested but not available for checking: ‘NNS’
Flavor: r-release-macos-x86_64
Version: 2.2.6
Check: Rd cross-references
Result: NOTE
Package unavailable to check Rd xrefs: ‘NNS’
Flavor: r-release-macos-x86_64