Last updated on 2023-06-04 05:50:44 CEST.
Flavor | Version | Tinstall | Tcheck | Ttotal | Status | Flags |
---|---|---|---|---|---|---|
r-devel-linux-x86_64-debian-clang | 0.1.0 | 7.28 | 52.94 | 60.22 | OK | |
r-devel-linux-x86_64-debian-gcc | 0.1.0 | 5.85 | 40.79 | 46.64 | OK | |
r-devel-linux-x86_64-fedora-clang | 0.1.0 | 74.72 | NOTE | |||
r-devel-linux-x86_64-fedora-gcc | 0.1.0 | 72.94 | NOTE | |||
r-devel-windows-x86_64 | 0.1.0 | 8.00 | 64.00 | 72.00 | OK | |
r-patched-linux-x86_64 | 0.1.0 | 6.85 | 49.33 | 56.18 | OK | |
r-release-linux-x86_64 | 0.1.0 | 5.14 | 49.44 | 54.58 | OK | |
r-release-macos-arm64 | 0.1.0 | 26.00 | OK | |||
r-release-macos-x86_64 | 0.1.0 | 41.00 | OK | |||
r-release-windows-x86_64 | 0.1.0 | 11.00 | 70.00 | 81.00 | OK | |
r-oldrel-macos-arm64 | 0.1.0 | 26.00 | NOTE | |||
r-oldrel-macos-x86_64 | 0.1.0 | 47.00 | NOTE | |||
r-oldrel-windows-x86_64 | 0.1.0 | 10.00 | 73.00 | 83.00 | OK |
Version: 0.1.0
Check: data for non-ASCII characters
Result: NOTE
Note: found 2 marked UTF-8 strings
Flavors: r-devel-linux-x86_64-fedora-clang, r-devel-linux-x86_64-fedora-gcc, r-oldrel-macos-arm64, r-oldrel-macos-x86_64