Last updated on 2023-12-08 05:02:07 CET.
Flavor | Version | Tinstall | Tcheck | Ttotal | Status | Flags |
---|---|---|---|---|---|---|
r-devel-linux-x86_64-debian-clang | 0.0.4 | 47.18 | 67.18 | 114.36 | NOTE | |
r-devel-linux-x86_64-debian-gcc | 0.0.4 | 33.67 | 52.74 | 86.41 | NOTE | |
r-devel-linux-x86_64-fedora-clang | 0.0.4 | 147.03 | NOTE | |||
r-devel-linux-x86_64-fedora-gcc | 0.0.4 | 147.84 | NOTE | |||
r-devel-windows-x86_64 | 0.0.4 | 34.00 | 86.00 | 120.00 | NOTE | |
r-patched-linux-x86_64 | 0.0.4 | 36.16 | 68.48 | 104.64 | NOTE | |
r-release-linux-x86_64 | 0.0.4 | 38.74 | 66.80 | 105.54 | NOTE | |
r-release-macos-arm64 | 0.0.4 | 46.00 | NOTE | |||
r-release-macos-x86_64 | 0.0.4 | 78.00 | NOTE | |||
r-release-windows-x86_64 | 0.0.4 | 42.00 | 103.00 | 145.00 | NOTE | |
r-oldrel-macos-arm64 | 0.0.4 | 45.00 | NOTE | |||
r-oldrel-macos-x86_64 | 0.0.4 | 59.00 | NOTE | |||
r-oldrel-windows-x86_64 | 0.0.4 | 40.00 | 99.00 | 139.00 | OK |
Version: 0.0.4
Check: C++ specification
Result: NOTE
Specified C++11: please drop specification unless essential
Flavors: r-devel-linux-x86_64-debian-clang, r-devel-linux-x86_64-debian-gcc, r-devel-linux-x86_64-fedora-clang, r-devel-linux-x86_64-fedora-gcc, r-devel-windows-x86_64, r-patched-linux-x86_64, r-release-linux-x86_64, r-release-macos-arm64, r-release-macos-x86_64, r-release-windows-x86_64
Version: 0.0.4
Check: installed package size
Result: NOTE
installed size is 5.0Mb
sub-directories of 1Mb or more:
libs 4.9Mb
Flavors: r-release-macos-arm64, r-release-macos-x86_64, r-oldrel-macos-arm64, r-oldrel-macos-x86_64