CRAN Package Check Results for Package inTextSummaryTable

Last updated on 2024-02-28 05:12:54 CET.

Flavor Version Tinstall Tcheck Ttotal Status Flags
r-devel-linux-x86_64-debian-clang 3.3.1 16.77 363.10 379.87 ERROR
r-devel-linux-x86_64-debian-gcc 3.3.1 11.20 268.73 279.93 ERROR
r-devel-linux-x86_64-fedora-clang 3.3.1 450.95 ERROR
r-devel-linux-x86_64-fedora-gcc 3.3.1 495.98 ERROR
r-devel-windows-x86_64 3.3.1 14.00 281.00 295.00 NOTE
r-patched-linux-x86_64 3.3.1 18.39 332.99 351.38 OK
r-release-linux-x86_64 3.3.1 9.23 351.29 360.52 ERROR
r-release-macos-arm64 3.3.1 179.00 NOTE
r-release-macos-x86_64 3.3.1 259.00 NOTE
r-release-windows-x86_64 3.3.1 18.00 384.00 402.00 ERROR
r-oldrel-macos-arm64 3.3.1 158.00 NOTE
r-oldrel-windows-x86_64 3.3.1 19.00 376.00 395.00 ERROR

Check Details

Version: 3.3.1
Check: Rd files
Result: NOTE checkRd: (-1) checkVar.Rd:39-42: Lost braces in \itemize; \value handles \item{}{} directly checkRd: (-1) checkVar.Rd:43: Lost braces in \itemize; \value handles \item{}{} directly checkRd: (-1) combineVariables.Rd:24-48: Lost braces in \itemize; meant \describe ? checkRd: (-1) combineVariables.Rd:26: Lost braces in \itemize; meant \describe ? checkRd: (-1) combineVariables.Rd:27-28: Lost braces in \itemize; meant \describe ? checkRd: (-1) combineVariables.Rd:29-35: Lost braces in \itemize; meant \describe ? checkRd: (-1) combineVariables.Rd:36-47: Lost braces in \itemize; meant \describe ? checkRd: (-1) combineVariables.Rd:38-45: Lost braces in \itemize; meant \describe ? checkRd: (-1) combineVariables.Rd:42-43: Lost braces in \itemize; meant \describe ? checkRd: (-1) combineVariables.Rd:44: Lost braces in \itemize; meant \describe ? checkRd: (-1) combineVariables.Rd:46: Lost braces in \itemize; meant \describe ? checkRd: (-1) combineVariables.Rd:50-54: Lost braces in \itemize; meant \describe ? checkRd: (-1) combineVariables.Rd:52: Lost braces in \itemize; meant \describe ? checkRd: (-1) combineVariables.Rd:53: Lost braces in \itemize; meant \describe ? checkRd: (-1) computeSummaryStatistics.Rd:40-41: Lost braces in \itemize; meant \describe ? checkRd: (-1) computeSummaryStatistics.Rd:55: Lost braces in \itemize; meant \describe ? checkRd: (-1) computeSummaryStatistics.Rd:56-57: Lost braces in \itemize; meant \describe ? checkRd: (-1) computeSummaryStatistics.Rd:63: Lost braces in \itemize; meant \describe ? checkRd: (-1) computeSummaryStatistics.Rd:64: Lost braces in \itemize; meant \describe ? checkRd: (-1) computeSummaryStatistics.Rd:65-66: Lost braces in \itemize; meant \describe ? checkRd: (-1) computeSummaryStatistics.Rd:86-97: Lost braces in \itemize; \value handles \item{}{} directly checkRd: (-1) computeSummaryStatistics.Rd:88: Lost braces in \itemize; \value handles \item{}{} directly checkRd: (-1) computeSummaryStatistics.Rd:89: Lost braces in \itemize; \value handles \item{}{} directly checkRd: (-1) computeSummaryStatistics.Rd:90: Lost braces in \itemize; \value handles \item{}{} directly checkRd: (-1) computeSummaryStatistics.Rd:91: Lost braces in \itemize; \value handles \item{}{} directly checkRd: (-1) computeSummaryStatistics.Rd:92: Lost braces in \itemize; \value handles \item{}{} directly checkRd: (-1) computeSummaryStatistics.Rd:93: Lost braces in \itemize; \value handles \item{}{} directly checkRd: (-1) computeSummaryStatistics.Rd:94: Lost braces in \itemize; \value handles \item{}{} directly checkRd: (-1) computeSummaryStatistics.Rd:95: Lost braces in \itemize; \value handles \item{}{} directly checkRd: (-1) computeSummaryStatistics.Rd:98-104: Lost braces in \itemize; \value handles \item{}{} directly checkRd: (-1) computeSummaryStatistics.Rd:100: Lost braces in \itemize; \value handles \item{}{} directly checkRd: (-1) computeSummaryStatistics.Rd:101: Lost braces in \itemize; \value handles \item{}{} directly checkRd: (-1) computeSummaryStatistics.Rd:102: Lost braces in \itemize; \value handles \item{}{} directly checkRd: (-1) computeSummaryStatisticsByRowColVar.Rd:73: Lost braces in \itemize; meant \describe ? checkRd: (-1) computeSummaryStatisticsByRowColVar.Rd:74: Lost braces in \itemize; meant \describe ? checkRd: (-1) computeSummaryStatisticsByRowColVar.Rd:75-76: Lost braces in \itemize; meant \describe ? checkRd: (-1) computeSummaryStatisticsByRowColVar.Rd:126-127: Lost braces in \itemize; meant \describe ? checkRd: (-1) computeSummaryStatisticsByRowColVar.Rd:144-155: Lost braces in \itemize; \value handles \item{}{} directly checkRd: (-1) computeSummaryStatisticsByRowColVar.Rd:146: Lost braces in \itemize; \value handles \item{}{} directly checkRd: (-1) computeSummaryStatisticsByRowColVar.Rd:147: Lost braces in \itemize; \value handles \item{}{} directly checkRd: (-1) computeSummaryStatisticsByRowColVar.Rd:148: Lost braces in \itemize; \value handles \item{}{} directly checkRd: (-1) computeSummaryStatisticsByRowColVar.Rd:149: Lost braces in \itemize; \value handles \item{}{} directly checkRd: (-1) computeSummaryStatisticsByRowColVar.Rd:150: Lost braces in \itemize; \value handles \item{}{} directly checkRd: (-1) computeSummaryStatisticsByRowColVar.Rd:151: Lost braces in \itemize; \value handles \item{}{} directly checkRd: (-1) computeSummaryStatisticsByRowColVar.Rd:152: Lost braces in \itemize; \value handles \item{}{} directly checkRd: (-1) computeSummaryStatisticsByRowColVar.Rd:153: Lost braces in \itemize; \value handles \item{}{} directly checkRd: (-1) computeSummaryStatisticsByRowColVar.Rd:156-161: Lost braces in \itemize; \value handles \item{}{} directly checkRd: (-1) computeSummaryStatisticsByRowColVar.Rd:158: Lost braces in \itemize; \value handles \item{}{} directly checkRd: (-1) computeSummaryStatisticsByRowColVar.Rd:159: Lost braces in \itemize; \value handles \item{}{} directly checkRd: (-1) computeSummaryStatisticsTable.Rd:168-174: Lost braces in \itemize; meant \describe ? checkRd: (-1) computeSummaryStatisticsTable.Rd:170: Lost braces in \itemize; meant \describe ? checkRd: (-1) computeSummaryStatisticsTable.Rd:171: Lost braces in \itemize; meant \describe ? checkRd: (-1) computeSummaryStatisticsTable.Rd:172-173: Lost braces in \itemize; meant \describe ? checkRd: (-1) computeSummaryStatisticsTable.Rd:223: Lost braces in \itemize; meant \describe ? checkRd: (-1) computeSummaryStatisticsTable.Rd:224: Lost braces in \itemize; meant \describe ? checkRd: (-1) computeSummaryStatisticsTable.Rd:225-226: Lost braces in \itemize; meant \describe ? checkRd: (-1) computeSummaryStatisticsTable.Rd:255-256: Lost braces in \itemize; meant \describe ? checkRd: (-1) computeSummaryStatisticsTable.Rd:257-258: Lost braces in \itemize; meant \describe ? checkRd: (-1) computeSummaryStatisticsTable.Rd:259: Lost braces in \itemize; meant \describe ? checkRd: (-1) computeSummaryStatisticsTable.Rd:299: Lost braces 299 | \item{statsVarBy}{String with variable in \code{rowVar}/code{colVar} | ^ checkRd: (-1) computeSummaryStatisticsTable.Rd:308-309: Lost braces in \itemize; meant \describe ? checkRd: (-1) computeSummaryStatisticsTable.Rd:321: Lost braces in \itemize; meant \describe ? checkRd: (-1) computeSummaryStatisticsTable.Rd:322: Lost braces in \itemize; meant \describe ? checkRd: (-1) convertSummaryStatisticsTableToFlextable.Rd:72: Lost braces in \itemize; meant \describe ? checkRd: (-1) convertSummaryStatisticsTableToFlextable.Rd:73-75: Lost braces in \itemize; meant \describe ? checkRd: (-1) convertVarToFactorWithOrder.Rd:38-46: Lost braces in \itemize; meant \describe ? checkRd: (-1) convertVarToFactorWithOrder.Rd:40: Lost braces in \itemize; meant \describe ? checkRd: (-1) convertVarToFactorWithOrder.Rd:41: Lost braces in \itemize; meant \describe ? checkRd: (-1) convertVarToFactorWithOrder.Rd:42-44: Lost braces in \itemize; meant \describe ? checkRd: (-1) createFlextableWithHeader.Rd:37: Lost braces in \itemize; \value handles \item{}{} directly checkRd: (-1) createFlextableWithHeader.Rd:38-39: Lost braces in \itemize; \value handles \item{}{} directly checkRd: (-1) cv.Rd:22: Lost braces in \itemize; meant \describe ? checkRd: (-1) cv.Rd:23: Lost braces in \itemize; meant \describe ? checkRd: (-1) exportSummaryStatisticsTable.Rd:122-123: Lost braces in \itemize; meant \describe ? checkRd: (-1) exportSummaryStatisticsTable.Rd:124-126: Lost braces in \itemize; meant \describe ? checkRd: (-1) exportSummaryStatisticsTable.Rd:127-128: Lost braces in \itemize; meant \describe ? checkRd: (-1) exportSummaryStatisticsTable.Rd:154-159: Lost braces in \itemize; meant \describe ? checkRd: (-1) exportSummaryStatisticsTable.Rd:161-166: Lost braces in \itemize; meant \describe ? checkRd: (-1) exportSummaryStatisticsTable.Rd:163: Lost braces in \itemize; meant \describe ? checkRd: (-1) exportSummaryStatisticsTable.Rd:164: Lost braces in \itemize; meant \describe ? checkRd: (-1) exportSummaryStatisticsTable.Rd:165: Lost braces in \itemize; meant \describe ? checkRd: (-1) exportSummaryStatisticsTable.Rd:179-180: Lost braces in \itemize; meant \describe ? checkRd: (-1) exportSummaryStatisticsTable.Rd:181-182: Lost braces in \itemize; meant \describe ? checkRd: (-1) exportSummaryStatisticsTable.Rd:183-184: Lost braces in \itemize; meant \describe ? checkRd: (-1) exportSummaryStatisticsTable.Rd:185-186: Lost braces in \itemize; meant \describe ? checkRd: (-1) exportSummaryStatisticsTable.Rd:192: Lost braces in \itemize; meant \describe ? checkRd: (-1) exportSummaryStatisticsTable.Rd:193-195: Lost braces in \itemize; meant \describe ? checkRd: (-1) exportSummaryStatisticsTable.Rd:233: Lost braces in \itemize; meant \describe ? checkRd: (-1) exportSummaryStatisticsTable.Rd:234: Lost braces in \itemize; meant \describe ? checkRd: (-1) exportSummaryStatisticsTable.Rd:240: Lost braces in \itemize; meant \describe ? checkRd: (-1) exportSummaryStatisticsTable.Rd:241: Lost braces in \itemize; meant \describe ? checkRd: (-1) exportSummaryStatisticsTable.Rd:256-257: Lost braces in \itemize; \value handles \item{}{} directly checkRd: (-1) exportSummaryStatisticsTable.Rd:258-259: Lost braces in \itemize; \value handles \item{}{} directly checkRd: (-1) exportSummaryStatisticsTable.Rd:260-261: Lost braces in \itemize; \value handles \item{}{} directly checkRd: (-1) exportSummaryStatisticsTable.Rd:262: Lost braces in \itemize; \value handles \item{}{} directly checkRd: (-1) exportSummaryStatisticsTableToDT.Rd:56-57: Lost braces in \itemize; meant \describe ? checkRd: (-1) exportSummaryStatisticsTableToDT.Rd:58-60: Lost braces in \itemize; meant \describe ? checkRd: (-1) exportSummaryStatisticsTableToDT.Rd:61-62: Lost braces in \itemize; meant \describe ? checkRd: (-1) exportSummaryStatisticsTableToDT.Rd:86: Lost braces in \itemize; meant \describe ? checkRd: (-1) exportSummaryStatisticsTableToDT.Rd:87-89: Lost braces in \itemize; meant \describe ? checkRd: (-1) exportSummaryStatisticsTableToFlextable.Rd:70-71: Lost braces in \itemize; meant \describe ? checkRd: (-1) exportSummaryStatisticsTableToFlextable.Rd:72-74: Lost braces in \itemize; meant \describe ? checkRd: (-1) exportSummaryStatisticsTableToFlextable.Rd:75-76: Lost braces in \itemize; meant \describe ? checkRd: (-1) exportSummaryStatisticsTableToFlextable.Rd:98: Lost braces in \itemize; meant \describe ? checkRd: (-1) exportSummaryStatisticsTableToFlextable.Rd:99: Lost braces in \itemize; meant \describe ? checkRd: (-1) exportSummaryStatisticsTableToFlextable.Rd:105: Lost braces in \itemize; meant \describe ? checkRd: (-1) exportSummaryStatisticsTableToFlextable.Rd:106: Lost braces in \itemize; meant \describe ? checkRd: (-1) exportSummaryStatisticsTableToFlextable.Rd:164: Lost braces in \itemize; meant \describe ? checkRd: (-1) exportSummaryStatisticsTableToFlextable.Rd:165-167: Lost braces in \itemize; meant \describe ? checkRd: (-1) formatCustomFlextable.Rd:7: Lost braces; missing escapes or markup? 7 | Superscript should be indicated as 'a^{b}', | ^ checkRd: (-1) formatCustomFlextable.Rd:8: Lost braces; missing escapes or markup? 8 | subscript as 'a_{b}' and bold as bold{a} in the | ^ checkRd: (-1) formatCustomFlextable.Rd:8: Lost braces 8 | subscript as 'a_{b}' and bold as bold{a} in the | ^ checkRd: (-1) formatCustomFlextable.Rd:44: Lost braces; missing escapes or markup? 44 | Superscript should be indicated as 'a^{b}', | ^ checkRd: (-1) formatCustomFlextable.Rd:45: Lost braces; missing escapes or markup? 45 | subscript as 'a_{b}' and bold as bold{a} in the | ^ checkRd: (-1) formatCustomFlextable.Rd:45: Lost braces 45 | subscript as 'a_{b}' and bold as bold{a} in the | ^ checkRd: (-1) formatPercentage.Rd:22: Lost braces in \itemize; meant \describe ? checkRd: (-1) formatPercentage.Rd:23: Lost braces in \itemize; meant \describe ? checkRd: (-1) formatPercentage.Rd:24: Lost braces in \itemize; meant \describe ? checkRd: (-1) formatPercentage.Rd:25: Lost braces in \itemize; meant \describe ? checkRd: (-1) formatPercentage.Rd:26: Lost braces in \itemize; meant \describe ? checkRd: (-1) formatPercentage.Rd:27: Lost braces in \itemize; meant \describe ? checkRd: (-1) formatSummaryStatisticsTable.Rd:54-55: Lost braces in \itemize; meant \describe ? checkRd: (-1) formatSummaryStatisticsTable.Rd:56-58: Lost braces in \itemize; meant \describe ? checkRd: (-1) formatSummaryStatisticsTable.Rd:59-60: Lost braces in \itemize; meant \describe ? checkRd: (-1) formatSummaryStatisticsTableFlextable.Rd:56-57: Lost braces in \itemize; meant \describe ? checkRd: (-1) formatSummaryStatisticsTableFlextable.Rd:58-60: Lost braces in \itemize; meant \describe ? checkRd: (-1) formatSummaryStatisticsTableFlextable.Rd:61-62: Lost braces in \itemize; meant \describe ? checkRd: (-1) formatSummaryStatisticsTableFlextable.Rd:84: Lost braces in \itemize; meant \describe ? checkRd: (-1) formatSummaryStatisticsTableFlextable.Rd:85: Lost braces in \itemize; meant \describe ? checkRd: (-1) formatSummaryStatisticsTableFlextable.Rd:91: Lost braces in \itemize; meant \describe ? checkRd: (-1) formatSummaryStatisticsTableFlextable.Rd:92: Lost braces in \itemize; meant \describe ? checkRd: (-1) formatSummaryStatisticsTableFlextable.Rd:115: Lost braces in \itemize; \value handles \item{}{} directly checkRd: (-1) formatSummaryStatisticsTableFlextable.Rd:116-117: Lost braces in \itemize; \value handles \item{}{} directly checkRd: (-1) formatSummaryStatisticsTableFlextable.Rd:118: Lost braces in \itemize; \value handles \item{}{} directly checkRd: (-1) formatSummaryStatisticsTableFlextable.Rd:119: Lost braces in \itemize; \value handles \item{}{} directly checkRd: (-1) formatSummaryStatisticsTableFlextable.Rd:120-123: Lost braces in \itemize; \value handles \item{}{} directly checkRd: (-1) formatSummaryStatisticsTableFlextable.Rd:124: Lost braces in \itemize; \value handles \item{}{} directly checkRd: (-1) formatSummaryStatisticsTableFlextable.Rd:125-126: Lost braces in \itemize; \value handles \item{}{} directly checkRd: (-1) geomCV.Rd:23: Lost braces in \itemize; meant \describe ? checkRd: (-1) geomCV.Rd:24: Lost braces in \itemize; meant \describe ? checkRd: (-1) geomMean.Rd:21: Lost braces in \itemize; meant \describe ? checkRd: (-1) geomMean.Rd:22: Lost braces in \itemize; meant \describe ? checkRd: (-1) geomSD.Rd:21: Lost braces in \itemize; meant \describe ? checkRd: (-1) geomSD.Rd:22: Lost braces in \itemize; meant \describe ? checkRd: (-1) geomSE.Rd:22: Lost braces in \itemize; meant \describe ? checkRd: (-1) geomSE.Rd:23: Lost braces in \itemize; meant \describe ? checkRd: (-1) getNDecimals.Rd:40-41: Lost braces in \itemize; meant \describe ? checkRd: (-1) getNDecimals.Rd:42-44: Lost braces in \itemize; meant \describe ? checkRd: (-1) getNDecimals.Rd:45-46: Lost braces in \itemize; meant \describe ? checkRd: (-1) getNDecimals.Rd:18-27: Lost braces in \itemize; meant \describe ? checkRd: (-1) getNDecimals.Rd:22: Lost braces in \itemize; meant \describe ? checkRd: (-1) getNDecimals.Rd:23: Lost braces in \itemize; meant \describe ? checkRd: (-1) getNDecimals.Rd:24: Lost braces in \itemize; meant \describe ? checkRd: (-1) getNDecimals.Rd:25: Lost braces in \itemize; meant \describe ? checkRd: (-1) getNDecimalsRule.Rd:16-25: Lost braces in \itemize; meant \describe ? checkRd: (-1) getNDecimalsRule.Rd:20: Lost braces in \itemize; meant \describe ? checkRd: (-1) getNDecimalsRule.Rd:21: Lost braces in \itemize; meant \describe ? checkRd: (-1) getNDecimalsRule.Rd:22: Lost braces in \itemize; meant \describe ? checkRd: (-1) getNDecimalsRule.Rd:23: Lost braces in \itemize; meant \describe ? checkRd: (-1) getStatisticsSummaryStatisticsTable.Rd:32-44: Lost braces in \itemize; meant \describe ? checkRd: (-1) getStatisticsSummaryStatisticsTable.Rd:34: Lost braces in \itemize; meant \describe ? checkRd: (-1) getStatisticsSummaryStatisticsTable.Rd:35: Lost braces in \itemize; meant \describe ? checkRd: (-1) getStatisticsSummaryStatisticsTable.Rd:36: Lost braces in \itemize; meant \describe ? checkRd: (-1) getStatisticsSummaryStatisticsTable.Rd:37: Lost braces in \itemize; meant \describe ? checkRd: (-1) getStatisticsSummaryStatisticsTable.Rd:38: Lost braces in \itemize; meant \describe ? checkRd: (-1) getStatisticsSummaryStatisticsTable.Rd:39: Lost braces in \itemize; meant \describe ? checkRd: (-1) getStatisticsSummaryStatisticsTable.Rd:40: Lost braces in \itemize; meant \describe ? checkRd: (-1) getStatisticsSummaryStatisticsTable.Rd:41: Lost braces in \itemize; meant \describe ? checkRd: (-1) getStatisticsSummaryStatisticsTable.Rd:42: Lost braces in \itemize; meant \describe ? checkRd: (-1) getStatisticsSummaryStatisticsTable.Rd:45-51: Lost braces in \itemize; meant \describe ? checkRd: (-1) getStatisticsSummaryStatisticsTable.Rd:47: Lost braces in \itemize; meant \describe ? checkRd: (-1) getStatisticsSummaryStatisticsTable.Rd:48: Lost braces in \itemize; meant \describe ? checkRd: (-1) getStatisticsSummaryStatisticsTable.Rd:49: Lost braces in \itemize; meant \describe ? checkRd: (-1) getStatisticsSummaryStatisticsTable.Rd:68: Lost braces in \itemize; \value handles \item{}{} directly checkRd: (-1) getStatisticsSummaryStatisticsTable.Rd:69: Lost braces in \itemize; \value handles \item{}{} directly checkRd: (-1) getStatsData.Rd:27-28: Lost braces in \itemize; meant \describe ? checkRd: (-1) getStatsData.Rd:29: Lost braces in \itemize; meant \describe ? checkRd: (-1) getSummaryStatisticsTable.Rd:166-172: Lost braces in \itemize; meant \describe ? checkRd: (-1) getSummaryStatisticsTable.Rd:168: Lost braces in \itemize; meant \describe ? checkRd: (-1) getSummaryStatisticsTable.Rd:169: Lost braces in \itemize; meant \describe ? checkRd: (-1) getSummaryStatisticsTable.Rd:170-171: Lost braces in \itemize; meant \describe ? checkRd: (-1) getSummaryStatisticsTable.Rd:303-304: Lost braces in \itemize; meant \describe ? checkRd: (-1) getSummaryStatisticsTable.Rd:310: Lost braces 310 | \item{statsVarBy}{String with variable in \code{rowVar}/code{colVar} | ^ checkRd: (-1) getSummaryStatisticsTable.Rd:318: Lost braces in \itemize; meant \describe ? checkRd: (-1) getSummaryStatisticsTable.Rd:319: Lost braces in \itemize; meant \describe ? checkRd: (-1) getSummaryStatisticsTable.Rd:373-374: Lost braces in \itemize; meant \describe ? checkRd: (-1) getSummaryStatisticsTable.Rd:375-376: Lost braces in \itemize; meant \describe ? checkRd: (-1) getSummaryStatisticsTable.Rd:377: Lost braces in \itemize; meant \describe ? checkRd: (-1) getSummaryStatisticsTable.Rd:392: Lost braces in \itemize; meant \describe ? checkRd: (-1) getSummaryStatisticsTable.Rd:393: Lost braces in \itemize; meant \describe ? checkRd: (-1) getSummaryStatisticsTable.Rd:394-395: Lost braces in \itemize; meant \describe ? checkRd: (-1) getSummaryStatisticsTable.Rd:418-419: Lost braces in \itemize; meant \describe ? checkRd: (-1) getSummaryStatisticsTable.Rd:420-421: Lost braces in \itemize; meant \describe ? checkRd: (-1) getSummaryStatisticsTable.Rd:422-423: Lost braces in \itemize; meant \describe ? checkRd: (-1) getSummaryStatisticsTable.Rd:424-425: Lost braces in \itemize; meant \describe ? checkRd: (-1) getSummaryStatisticsTable.Rd:431-432: Lost braces in \itemize; meant \describe ? checkRd: (-1) getSummaryStatisticsTable.Rd:433-435: Lost braces in \itemize; meant \describe ? checkRd: (-1) getSummaryStatisticsTable.Rd:436-437: Lost braces in \itemize; meant \describe ? checkRd: (-1) getSummaryStatisticsTable.Rd:462-467: Lost braces in \itemize; meant \describe ? checkRd: (-1) getSummaryStatisticsTable.Rd:469-474: Lost braces in \itemize; meant \describe ? checkRd: (-1) getSummaryStatisticsTable.Rd:471: Lost braces in \itemize; meant \describe ? checkRd: (-1) getSummaryStatisticsTable.Rd:472: Lost braces in \itemize; meant \describe ? checkRd: (-1) getSummaryStatisticsTable.Rd:473: Lost braces in \itemize; meant \describe ? checkRd: (-1) getSummaryStatisticsTable.Rd:504: Lost braces in \itemize; meant \describe ? checkRd: (-1) getSummaryStatisticsTable.Rd:505: Lost braces in \itemize; meant \describe ? checkRd: (-1) getSummaryStatisticsTable.Rd:511: Lost braces in \itemize; meant \describe ? checkRd: (-1) getSummaryStatisticsTable.Rd:512: Lost braces in \itemize; meant \describe ? checkRd: (-1) getSummaryStatisticsTable.Rd:518: Lost braces in \itemize; meant \describe ? checkRd: (-1) getSummaryStatisticsTable.Rd:519-521: Lost braces in \itemize; meant \describe ? checkRd: (-1) getSummaryStatisticsTable.Rd:543-544: Lost braces in \itemize; \value handles \item{}{} directly checkRd: (-1) getSummaryStatisticsTable.Rd:545-546: Lost braces in \itemize; \value handles \item{}{} directly checkRd: (-1) getSummaryStatisticsTable.Rd:547-548: Lost braces in \itemize; \value handles \item{}{} directly checkRd: (-1) getSummaryStatisticsTable.Rd:549: Lost braces in \itemize; \value handles \item{}{} directly checkRd: (-1) inTextSummaryTable-common-args.Rd:80-81: Lost braces in \itemize; meant \describe ? checkRd: (-1) inTextSummaryTable-common-args.Rd:82-84: Lost braces in \itemize; meant \describe ? checkRd: (-1) inTextSummaryTable-common-args.Rd:85-86: Lost braces in \itemize; meant \describe ? checkRd: (-1) inTextSummaryTable-common-args.Rd:98-99: Lost braces in \itemize; meant \describe ? checkRd: (-1) inTextSummaryTable-common-args.Rd:107: Lost braces in \itemize; meant \describe ? checkRd: (-1) inTextSummaryTable-common-args.Rd:108: Lost braces in \itemize; meant \describe ? checkRd: (-1) inTextSummaryTable-common-args.Rd:109-110: Lost braces in \itemize; meant \describe ? checkRd: (-1) inTextSummaryTable-common-args.Rd:124: Lost braces in \itemize; meant \describe ? checkRd: (-1) inTextSummaryTable-common-args.Rd:125-127: Lost braces in \itemize; meant \describe ? checkRd: (-1) inTextSummaryTable-flextable-args.Rd:50: Lost braces in \itemize; meant \describe ? checkRd: (-1) inTextSummaryTable-flextable-args.Rd:51: Lost braces in \itemize; meant \describe ? checkRd: (-1) inTextSummaryTable-flextable-args.Rd:57: Lost braces in \itemize; meant \describe ? checkRd: (-1) inTextSummaryTable-flextable-args.Rd:58: Lost braces in \itemize; meant \describe ? checkRd: (-1) inTextSummaryTable-stats.Rd:25-37: Lost braces in \itemize; meant \describe ? checkRd: (-1) inTextSummaryTable-stats.Rd:27: Lost braces in \itemize; meant \describe ? checkRd: (-1) inTextSummaryTable-stats.Rd:28: Lost braces in \itemize; meant \describe ? checkRd: (-1) inTextSummaryTable-stats.Rd:29: Lost braces in \itemize; meant \describe ? checkRd: (-1) inTextSummaryTable-stats.Rd:30: Lost braces in \itemize; meant \describe ? checkRd: (-1) inTextSummaryTable-stats.Rd:31: Lost braces in \itemize; meant \describe ? checkRd: (-1) inTextSummaryTable-stats.Rd:32: Lost braces in \itemize; meant \describe ? checkRd: (-1) inTextSummaryTable-stats.Rd:38-51: Lost braces in \itemize; meant \describe ? checkRd: (-1) inTextSummaryTable-stats.Rd:40: Lost braces in \itemize; meant \describe ? checkRd: (-1) inTextSummaryTable-stats.Rd:41: Lost braces in \itemize; meant \describe ? checkRd: (-1) inTextSummaryTable-stats.Rd:42-43: Lost braces in \itemize; meant \describe ? checkRd: (-1) inTextSummaryTable-stats.Rd:44-46: Lost braces in \itemize; meant \describe ? checkRd: (-1) inTextSummaryTable-stats.Rd:66-97: Lost braces in \itemize; meant \describe ? checkRd: (-1) inTextSummaryTable-stats.Rd:69-77: Lost braces in \itemize; meant \describe ? checkRd: (-1) inTextSummaryTable-stats.Rd:71: Lost braces in \itemize; meant \describe ? checkRd: (-1) inTextSummaryTable-stats.Rd:72: Lost braces in \itemize; meant \describe ? checkRd: (-1) inTextSummaryTable-stats.Rd:73: Lost braces in \itemize; meant \describe ? checkRd: (-1) inTextSummaryTable-stats.Rd:74: Lost braces in \itemize; meant \describe ? checkRd: (-1) inTextSummaryTable-stats.Rd:75: Lost braces in \itemize; meant \describe ? checkRd: (-1) inTextSummaryTable-stats.Rd:76: Lost braces in \itemize; meant \describe ? checkRd: (-1) inTextSummaryTable-stats.Rd:79-85: Lost braces in \itemize; meant \describe ? checkRd: (-1) inTextSummaryTable-stats.Rd:81-82: Lost braces in \itemize; meant \describe ? checkRd: (-1) inTextSummaryTable-stats.Rd:83-84: Lost braces in \itemize; meant \describe ? checkRd: (-1) inTextSummaryTable-stats.Rd:87-95: Lost braces in \itemize; meant \describe ? checkRd: (-1) inTextSummaryTable-stats.Rd:89: Lost braces in \itemize; meant \describe ? checkRd: (-1) inTextSummaryTable-stats.Rd:90: Lost braces in \itemize; meant \describe ? checkRd: (-1) inTextSummaryTable-stats.Rd:91: Lost braces in \itemize; meant \describe ? checkRd: (-1) inTextSummaryTable-stats.Rd:92: Lost braces in \itemize; meant \describe ? checkRd: (-1) inTextSummaryTable-stats.Rd:93: Lost braces in \itemize; meant \describe ? checkRd: (-1) inTextSummaryTable-stats.Rd:94: Lost braces in \itemize; meant \describe ? checkRd: (-1) inTextSummaryTable-stats.Rd:99-128: Lost braces in \itemize; meant \describe ? checkRd: (-1) inTextSummaryTable-stats.Rd:102-110: Lost braces in \itemize; meant \describe ? checkRd: (-1) inTextSummaryTable-stats.Rd:104: Lost braces in \itemize; meant \describe ? checkRd: (-1) inTextSummaryTable-stats.Rd:105: Lost braces in \itemize; meant \describe ? checkRd: (-1) inTextSummaryTable-stats.Rd:106: Lost braces in \itemize; meant \describe ? checkRd: (-1) inTextSummaryTable-stats.Rd:107-109: Lost braces in \itemize; meant \describe ? checkRd: (-1) inTextSummaryTable-stats.Rd:112-117: Lost braces in \itemize; meant \describe ? checkRd: (-1) inTextSummaryTable-stats.Rd:114-115: Lost braces in \itemize; meant \describe ? checkRd: (-1) inTextSummaryTable-stats.Rd:116: Lost braces in \itemize; meant \describe ? checkRd: (-1) inTextSummaryTable-stats.Rd:119-126: Lost braces in \itemize; meant \describe ? checkRd: (-1) inTextSummaryTable-stats.Rd:121: Lost braces in \itemize; meant \describe ? checkRd: (-1) inTextSummaryTable-stats.Rd:122: Lost braces in \itemize; meant \describe ? checkRd: (-1) inTextSummaryTable-stats.Rd:123-125: Lost braces in \itemize; meant \describe ? checkRd: (-1) inTextSummaryTable-stats.Rd:143-159: Lost braces in \itemize; meant \describe ? checkRd: (-1) inTextSummaryTable-stats.Rd:145-156: Lost braces in \itemize; meant \describe ? checkRd: (-1) inTextSummaryTable-stats.Rd:149: Lost braces in \itemize; meant \describe ? checkRd: (-1) inTextSummaryTable-stats.Rd:150: Lost braces in \itemize; meant \describe ? checkRd: (-1) inTextSummaryTable-stats.Rd:151: Lost braces in \itemize; meant \describe ? checkRd: (-1) inTextSummaryTable-stats.Rd:157-158: Lost braces in \itemize; meant \describe ? checkRd: (-1) inTextSummaryTable-stats.Rd:161-183: Lost braces in \itemize; meant \describe ? checkRd: (-1) inTextSummaryTable-stats.Rd:169-174: Lost braces in \itemize; meant \describe ? checkRd: (-1) inTextSummaryTable-stats.Rd:176-181: Lost braces in \itemize; meant \describe ? checkRd: (-1) inTextSummaryTable.Rd:16-17: Lost braces in \itemize; meant \describe ? checkRd: (-1) inTextSummaryTable.Rd:19-20: Lost braces in \itemize; meant \describe ? checkRd: (-1) interactionCustom.Rd:25: Lost braces in \itemize; \value handles \item{}{} directly checkRd: (-1) interactionCustom.Rd:26: Lost braces in \itemize; \value handles \item{}{} directly checkRd: (-1) summaryTable.Rd:27-55: Lost braces in \itemize; meant \describe ? checkRd: (-1) summaryTable.Rd:30-44: Lost braces in \itemize; meant \describe ? checkRd: (-1) summaryTable.Rd:32: Lost braces in \itemize; meant \describe ? checkRd: (-1) summaryTable.Rd:33: Lost braces in \itemize; meant \describe ? checkRd: (-1) summaryTable.Rd:34: Lost braces in \itemize; meant \describe ? checkRd: (-1) summaryTable.Rd:35: Lost braces in \itemize; meant \describe ? checkRd: (-1) summaryTable.Rd:36: Lost braces in \itemize; meant \describe ? checkRd: (-1) summaryTable.Rd:37: Lost braces in \itemize; meant \describe ? checkRd: (-1) summaryTable.Rd:38: Lost braces in \itemize; meant \describe ? checkRd: (-1) summaryTable.Rd:39: Lost braces in \itemize; meant \describe ? checkRd: (-1) summaryTable.Rd:40-41: Lost braces in \itemize; meant \describe ? checkRd: (-1) summaryTable.Rd:42: Lost braces in \itemize; meant \describe ? checkRd: (-1) summaryTable.Rd:45-54: Lost braces in \itemize; meant \describe ? checkRd: (-1) summaryTable.Rd:47: Lost braces in \itemize; meant \describe ? checkRd: (-1) summaryTable.Rd:48-49: Lost braces in \itemize; meant \describe ? checkRd: (-1) summaryTable.Rd:50-52: Lost braces in \itemize; meant \describe ? checkRd: (-1) summaryTable.Rd:53: Lost braces in \itemize; meant \describe ? checkRd: (-1) summaryTable.Rd:61-67: Lost braces in \itemize; meant \describe ? checkRd: (-1) summaryTable.Rd:63: Lost braces in \itemize; meant \describe ? checkRd: (-1) summaryTable.Rd:64-65: Lost braces in \itemize; meant \describe ? checkRd: (-1) summaryTable.Rd:68: Lost braces in \itemize; meant \describe ? checkRd: (-1) summaryTable.Rd:73-74: Lost braces in \itemize; meant \describe ? checkRd: (-1) summaryTable.Rd:75-76: Lost braces in \itemize; meant \describe ? checkRd: (-1) summaryTable.Rd:77: Lost braces in \itemize; meant \describe ? checkRd: (-1) summaryTable.Rd:78-79: Lost braces in \itemize; meant \describe ? checkRd: (-1) summaryTable.Rd:80-81: Lost braces in \itemize; meant \describe ? checkRd: (-1) summaryTable.Rd:82-83: Lost braces in \itemize; meant \describe ? checkRd: (-1) summaryTable.Rd:84: Lost braces in \itemize; meant \describe ? checkRd: (-1) tableColorsPresentation.Rd:16: Lost braces in \itemize; meant \describe ? checkRd: (-1) tableColorsPresentation.Rd:17: Lost braces in \itemize; meant \describe ? checkRd: (-1) tableColorsPresentation.Rd:18: Lost braces in \itemize; meant \describe ? Flavors: r-devel-linux-x86_64-debian-clang, r-devel-linux-x86_64-debian-gcc, r-devel-linux-x86_64-fedora-clang, r-devel-linux-x86_64-fedora-gcc

Version: 3.3.1
Check: tests
Result: ERROR Running ‘testthat.R’ [95s/114s] Running the tests in ‘tests/testthat.R’ failed. Complete output: > library(testthat) > library(inTextSummaryTable) > > test_check("inTextSummaryTable") [ FAIL 2 | WARN 167 | SKIP 0 | PASS 991 ] ══ Failed tests ════════════════════════════════════════════════════════════════ ── Failure ('test_subjectProfileSummaryPlot-general.R:25:2'): The plot is correctly facetted based on a variable ── `... <- NULL` produced warnings. ── Failure ('test_subjectProfileSummaryPlot-table.R:356:2'): The size of the points (in the legend) is correctly set ── gg$guides$colour$override.aes$size not equal to `pointSize`. target is NULL, current is numeric [ FAIL 2 | WARN 167 | SKIP 0 | PASS 991 ] Error: Test failures Execution halted Flavor: r-devel-linux-x86_64-debian-clang

Version: 3.3.1
Check: tests
Result: ERROR Running ‘testthat.R’ [70s/113s] Running the tests in ‘tests/testthat.R’ failed. Complete output: > library(testthat) > library(inTextSummaryTable) > > test_check("inTextSummaryTable") [ FAIL 2 | WARN 167 | SKIP 0 | PASS 991 ] ══ Failed tests ════════════════════════════════════════════════════════════════ ── Failure ('test_subjectProfileSummaryPlot-general.R:25:2'): The plot is correctly facetted based on a variable ── `... <- NULL` produced warnings. ── Failure ('test_subjectProfileSummaryPlot-table.R:356:2'): The size of the points (in the legend) is correctly set ── gg$guides$colour$override.aes$size not equal to `pointSize`. target is NULL, current is numeric [ FAIL 2 | WARN 167 | SKIP 0 | PASS 991 ] Error: Test failures Execution halted Flavor: r-devel-linux-x86_64-debian-gcc

Version: 3.3.1
Check: installed package size
Result: NOTE installed size is 10.5Mb sub-directories of 1Mb or more: doc 10.0Mb Flavors: r-devel-linux-x86_64-fedora-clang, r-devel-windows-x86_64, r-release-macos-arm64, r-release-macos-x86_64, r-release-windows-x86_64, r-oldrel-macos-arm64, r-oldrel-windows-x86_64

Version: 3.3.1
Check: Rd cross-references
Result: NOTE Undeclared package ‘DT’ in Rd xrefs Flavor: r-devel-linux-x86_64-fedora-clang

Version: 3.3.1
Check: tests
Result: ERROR Running ‘testthat.R’ [109s/157s] Running the tests in ‘tests/testthat.R’ failed. Complete output: > library(testthat) > library(inTextSummaryTable) > > test_check("inTextSummaryTable") [ FAIL 2 | WARN 167 | SKIP 0 | PASS 991 ] ══ Failed tests ════════════════════════════════════════════════════════════════ ── Failure ('test_subjectProfileSummaryPlot-general.R:25:2'): The plot is correctly facetted based on a variable ── `... <- NULL` produced warnings. ── Failure ('test_subjectProfileSummaryPlot-table.R:356:2'): The size of the points (in the legend) is correctly set ── gg$guides$colour$override.aes$size not equal to `pointSize`. target is NULL, current is numeric [ FAIL 2 | WARN 167 | SKIP 0 | PASS 991 ] Error: Test failures Execution halted Flavor: r-devel-linux-x86_64-fedora-clang

Version: 3.3.1
Check: tests
Result: ERROR Running ‘testthat.R’ [116s/321s] Running the tests in ‘tests/testthat.R’ failed. Complete output: > library(testthat) > library(inTextSummaryTable) > > test_check("inTextSummaryTable") [ FAIL 2 | WARN 167 | SKIP 0 | PASS 991 ] ══ Failed tests ════════════════════════════════════════════════════════════════ ── Failure ('test_subjectProfileSummaryPlot-general.R:25:2'): The plot is correctly facetted based on a variable ── `... <- NULL` produced warnings. ── Failure ('test_subjectProfileSummaryPlot-table.R:356:2'): The size of the points (in the legend) is correctly set ── gg$guides$colour$override.aes$size not equal to `pointSize`. target is NULL, current is numeric [ FAIL 2 | WARN 167 | SKIP 0 | PASS 991 ] Error: Test failures Execution halted Flavor: r-devel-linux-x86_64-fedora-gcc

Version: 3.3.1
Check: tests
Result: ERROR Running ‘testthat.R’ [91s/107s] Running the tests in ‘tests/testthat.R’ failed. Complete output: > library(testthat) > library(inTextSummaryTable) > > test_check("inTextSummaryTable") [ FAIL 2 | WARN 167 | SKIP 0 | PASS 991 ] ══ Failed tests ════════════════════════════════════════════════════════════════ ── Failure ('test_subjectProfileSummaryPlot-general.R:25:2'): The plot is correctly facetted based on a variable ── `... <- NULL` produced warnings. ── Failure ('test_subjectProfileSummaryPlot-table.R:356:2'): The size of the points (in the legend) is correctly set ── gg$guides$colour$override.aes$size not equal to `pointSize`. target is NULL, current is numeric [ FAIL 2 | WARN 167 | SKIP 0 | PASS 991 ] Error: Test failures Execution halted Flavor: r-release-linux-x86_64

Version: 3.3.1
Check: tests
Result: ERROR Running 'testthat.R' [92s] Running the tests in 'tests/testthat.R' failed. Complete output: > library(testthat) > library(inTextSummaryTable) > > test_check("inTextSummaryTable") [ FAIL 2 | WARN 167 | SKIP 0 | PASS 991 ] ══ Failed tests ════════════════════════════════════════════════════════════════ ── Failure ('test_subjectProfileSummaryPlot-general.R:25:2'): The plot is correctly facetted based on a variable ── `... <- NULL` produced warnings. ── Failure ('test_subjectProfileSummaryPlot-table.R:356:2'): The size of the points (in the legend) is correctly set ── gg$guides$colour$override.aes$size not equal to `pointSize`. target is NULL, current is numeric [ FAIL 2 | WARN 167 | SKIP 0 | PASS 991 ] Error: Test failures Execution halted Flavor: r-release-windows-x86_64

Version: 3.3.1
Check: tests
Result: ERROR Running 'testthat.R' [93s] Running the tests in 'tests/testthat.R' failed. Complete output: > library(testthat) > library(inTextSummaryTable) > > test_check("inTextSummaryTable") [ FAIL 2 | WARN 167 | SKIP 0 | PASS 991 ] ══ Failed tests ════════════════════════════════════════════════════════════════ ── Failure ('test_subjectProfileSummaryPlot-general.R:25:2'): The plot is correctly facetted based on a variable ── `... <- NULL` produced warnings. ── Failure ('test_subjectProfileSummaryPlot-table.R:356:2'): The size of the points (in the legend) is correctly set ── gg$guides$colour$override.aes$size not equal to `pointSize`. target is NULL, current is numeric [ FAIL 2 | WARN 167 | SKIP 0 | PASS 991 ] Error: Test failures Execution halted Flavor: r-oldrel-windows-x86_64