Last updated on 2023-06-10 05:52:35 CEST.
Flavor | Version | Tinstall | Tcheck | Ttotal | Status | Flags |
---|---|---|---|---|---|---|
r-devel-linux-x86_64-debian-clang | 1.0.2.1 | 55.11 | 114.94 | 170.05 | NOTE | |
r-devel-linux-x86_64-debian-gcc | 1.0.2.1 | 42.73 | 82.09 | 124.82 | NOTE | |
r-devel-linux-x86_64-fedora-clang | 1.0.2.1 | 228.06 | NOTE | |||
r-devel-linux-x86_64-fedora-gcc | 1.0.2.1 | 228.09 | NOTE | |||
r-devel-windows-x86_64 | 1.0.2.1 | 44.00 | 125.00 | 169.00 | NOTE | |
r-patched-linux-x86_64 | 1.0.2.1 | 51.42 | 103.21 | 154.63 | NOTE | |
r-release-linux-x86_64 | 1.0.2.1 | 48.27 | 104.36 | 152.63 | NOTE | |
r-release-macos-arm64 | 1.0.2.1 | 68.00 | NOTE | |||
r-release-macos-x86_64 | 1.0.2.1 | 109.00 | NOTE | |||
r-release-windows-x86_64 | 1.0.2.1 | 58.00 | 148.00 | 206.00 | NOTE | |
r-oldrel-macos-arm64 | 1.0.2.1 | 48.00 | OK | |||
r-oldrel-macos-x86_64 | 1.0.2.1 | 92.00 | OK | |||
r-oldrel-windows-x86_64 | 1.0.2.1 | 59.00 | 139.00 | 198.00 | OK |
Version: 1.0.2.1
Check: C++ specification
Result: NOTE
Specified C++11: please drop specification unless essential
Flavors: r-devel-linux-x86_64-debian-clang, r-devel-linux-x86_64-debian-gcc, r-devel-linux-x86_64-fedora-clang, r-devel-linux-x86_64-fedora-gcc, r-devel-windows-x86_64, r-patched-linux-x86_64, r-release-linux-x86_64, r-release-macos-arm64, r-release-macos-x86_64, r-release-windows-x86_64