Last updated on 2023-06-06 05:55:12 CEST.
Flavor | Version | Tinstall | Tcheck | Ttotal | Status | Flags |
---|---|---|---|---|---|---|
r-devel-linux-x86_64-debian-clang | 1.3.2 | 115.31 | 82.96 | 198.27 | OK | |
r-devel-linux-x86_64-debian-gcc | 1.3.2 | 82.08 | 63.27 | 145.35 | OK | |
r-devel-linux-x86_64-fedora-clang | 1.3.2 | 270.40 | NOTE | |||
r-devel-linux-x86_64-fedora-gcc | 1.3.2 | 271.70 | OK | |||
r-devel-windows-x86_64 | 1.3.2 | 83.00 | 120.00 | 203.00 | OK | |
r-patched-linux-x86_64 | 1.3.2 | 93.05 | 81.52 | 174.57 | OK | |
r-release-linux-x86_64 | 1.3.2 | 88.27 | 83.34 | 171.61 | OK | |
r-release-macos-arm64 | 1.3.2 | 74.00 | OK | |||
r-release-macos-x86_64 | 1.3.2 | 128.00 | OK | |||
r-release-windows-x86_64 | 1.3.2 | 104.00 | 128.00 | 232.00 | OK | |
r-oldrel-macos-arm64 | 1.3.2 | 60.00 | OK | |||
r-oldrel-macos-x86_64 | 1.3.2 | 84.00 | NOTE | |||
r-oldrel-windows-x86_64 | 1.3.2 | 93.00 | 122.00 | 215.00 | OK |
Version: 1.3.2
Check: package dependencies
Result: NOTE
Package suggested but not available for checking: ‘tesseract’
Flavors: r-devel-linux-x86_64-fedora-clang, r-oldrel-macos-x86_64