Last updated on 2023-05-28 05:52:09 CEST.
Flavor | Version | Tinstall | Tcheck | Ttotal | Status | Flags |
---|---|---|---|---|---|---|
r-devel-linux-x86_64-debian-clang | 0.2.4 | 3.31 | 42.90 | 46.21 | OK | |
r-devel-linux-x86_64-debian-gcc | 0.2.4 | 2.44 | 32.99 | 35.43 | OK | |
r-devel-linux-x86_64-fedora-clang | 0.2.4 | 68.92 | NOTE | |||
r-devel-linux-x86_64-fedora-gcc | 0.2.4 | 66.30 | OK | |||
r-devel-windows-x86_64 | 0.2.4 | 6.00 | 552.00 | 558.00 | OK | |
r-patched-linux-x86_64 | 0.2.4 | 4.03 | 41.06 | 45.09 | OK | |
r-release-linux-x86_64 | 0.2.4 | 2.80 | 41.31 | 44.11 | OK | |
r-release-macos-arm64 | 0.2.4 | 31.00 | OK | |||
r-release-macos-x86_64 | 0.2.4 | 45.00 | OK | |||
r-release-windows-x86_64 | 0.2.4 | 6.00 | 1543.00 | 1549.00 | OK | |
r-oldrel-macos-arm64 | 0.2.4 | 30.00 | OK | |||
r-oldrel-macos-x86_64 | 0.2.4 | 34.00 | OK | |||
r-oldrel-windows-x86_64 | 0.2.4 | 5.00 | 1292.00 | 1297.00 | OK |
Version: 0.2.4
Check: Rd cross-references
Result: NOTE
Undeclared packages ‘bmp’, ‘jpeg’, ‘png’, ‘tiff’ in Rd xrefs
Flavor: r-devel-linux-x86_64-fedora-clang