CRAN Package Check Results for Package iccbeta

Last updated on 2023-06-07 05:58:22 CEST.

Flavor Version Tinstall Tcheck Ttotal Status Flags
r-devel-linux-x86_64-debian-clang 1.2.0 40.35 82.53 122.88 NOTE
r-devel-linux-x86_64-debian-gcc 1.2.0 29.40 62.64 92.04 NOTE
r-devel-linux-x86_64-fedora-clang 1.2.0 162.25 NOTE
r-devel-linux-x86_64-fedora-gcc 1.2.0 154.82 NOTE
r-devel-windows-x86_64 1.2.0 31.00 92.00 123.00 NOTE
r-patched-linux-x86_64 1.2.0 30.44 78.10 108.54 NOTE
r-release-linux-x86_64 1.2.0 31.70 77.74 109.44 NOTE
r-release-macos-arm64 1.2.0 47.00 NOTE
r-release-macos-x86_64 1.2.0 74.00 NOTE
r-release-windows-x86_64 1.2.0 40.00 115.00 155.00 NOTE
r-oldrel-macos-arm64 1.2.0 43.00 OK
r-oldrel-macos-x86_64 1.2.0 73.00 OK
r-oldrel-windows-x86_64 1.2.0 40.00 111.00 151.00 OK

Check Details

Version: 1.2.0
Check: C++ specification
Result: NOTE
     Specified C++11: please drop specification unless essential
Flavors: r-devel-linux-x86_64-debian-clang, r-devel-linux-x86_64-debian-gcc, r-devel-linux-x86_64-fedora-clang, r-devel-linux-x86_64-fedora-gcc, r-devel-windows-x86_64, r-patched-linux-x86_64, r-release-linux-x86_64, r-release-macos-arm64, r-release-macos-x86_64, r-release-windows-x86_64