Last updated on 2023-06-05 05:54:37 CEST.
Flavor | Version | Tinstall | Tcheck | Ttotal | Status | Flags |
---|---|---|---|---|---|---|
r-devel-linux-x86_64-debian-clang | 0.0.2 | 2.52 | 30.70 | 33.22 | OK | |
r-devel-linux-x86_64-debian-gcc | 0.0.2 | 2.51 | 24.77 | 27.28 | OK | |
r-devel-linux-x86_64-fedora-clang | 0.0.2 | 43.45 | NOTE | |||
r-devel-linux-x86_64-fedora-gcc | 0.0.2 | 40.96 | NOTE | |||
r-devel-windows-x86_64 | 0.0.2 | 4.00 | 49.00 | 53.00 | OK | |
r-patched-linux-x86_64 | 0.0.2 | 3.06 | 29.81 | 32.87 | OK | |
r-release-linux-x86_64 | 0.0.2 | 2.87 | 30.70 | 33.57 | OK | |
r-release-macos-arm64 | 0.0.2 | 25.00 | OK | |||
r-release-macos-x86_64 | 0.0.2 | 26.00 | OK | |||
r-release-windows-x86_64 | 0.0.2 | 6.00 | 52.00 | 58.00 | OK | |
r-oldrel-macos-arm64 | 0.0.2 | 19.00 | NOTE | |||
r-oldrel-macos-x86_64 | 0.0.2 | 30.00 | NOTE | |||
r-oldrel-windows-x86_64 | 0.0.2 | 5.00 | 57.00 | 62.00 | OK |
Version: 0.0.2
Check: data for non-ASCII characters
Result: NOTE
Note: found 359 marked UTF-8 strings
Flavors: r-devel-linux-x86_64-fedora-clang, r-devel-linux-x86_64-fedora-gcc, r-oldrel-macos-arm64, r-oldrel-macos-x86_64