CRAN Package Check Results for Package iIneq

Last updated on 2023-05-30 05:57:36 CEST.

Flavor Version Tinstall Tcheck Ttotal Status Flags
r-devel-linux-x86_64-debian-clang 1.0.2 2.21 22.27 24.48 NOTE
r-devel-linux-x86_64-debian-gcc 1.0.2 1.84 17.75 19.59 NOTE
r-devel-linux-x86_64-fedora-clang 1.0.2 31.53 NOTE
r-devel-linux-x86_64-fedora-gcc 1.0.2 29.44 NOTE
r-devel-windows-x86_64 1.0.2 4.00 42.00 46.00 NOTE
r-patched-linux-x86_64 1.0.2 2.28 21.94 24.22 NOTE
r-release-linux-x86_64 1.0.2 2.37 21.59 23.96 NOTE
r-release-macos-arm64 1.0.2 18.00 NOTE
r-release-macos-x86_64 1.0.2 20.00 NOTE
r-release-windows-x86_64 1.0.2 4.00 40.00 44.00 NOTE
r-oldrel-macos-arm64 1.0.2 17.00 NOTE
r-oldrel-macos-x86_64 1.0.2 20.00 NOTE
r-oldrel-windows-x86_64 1.0.2 4.00 45.00 49.00 NOTE

Check Details

Version: 1.0.2
Check: LazyData
Result: NOTE
     'LazyData' is specified without a 'data' directory
Flavors: r-devel-linux-x86_64-debian-clang, r-devel-linux-x86_64-debian-gcc, r-devel-linux-x86_64-fedora-clang, r-devel-linux-x86_64-fedora-gcc, r-devel-windows-x86_64, r-patched-linux-x86_64, r-release-linux-x86_64, r-release-macos-arm64, r-release-macos-x86_64, r-release-windows-x86_64, r-oldrel-macos-arm64, r-oldrel-macos-x86_64, r-oldrel-windows-x86_64