Last updated on 2023-12-08 05:02:06 CET.
Flavor | Version | Tinstall | Tcheck | Ttotal | Status | Flags |
---|---|---|---|---|---|---|
r-devel-linux-x86_64-debian-clang | 0.2.0 | 31.97 | 53.98 | 85.95 | OK | |
r-devel-linux-x86_64-debian-gcc | 0.2.0 | 34.67 | 68.38 | 103.05 | OK | |
r-devel-linux-x86_64-fedora-clang | 0.2.0 | 174.56 | NOTE | |||
r-devel-linux-x86_64-fedora-gcc | 0.2.0 | 168.37 | NOTE | |||
r-devel-windows-x86_64 | 0.2.0 | 35.00 | 85.00 | 120.00 | OK | |
r-patched-linux-x86_64 | 0.2.0 | 38.49 | 90.68 | 129.17 | OK | |
r-release-linux-x86_64 | 0.2.0 | 39.36 | 90.55 | 129.91 | OK | |
r-release-macos-arm64 | 0.2.0 | 57.00 | OK | |||
r-release-macos-x86_64 | 0.2.0 | 94.00 | OK | |||
r-release-windows-x86_64 | 0.2.0 | 33.00 | 97.00 | 130.00 | OK | |
r-oldrel-macos-arm64 | 0.2.0 | 66.00 | OK | |||
r-oldrel-macos-x86_64 | 0.2.0 | 76.00 | NOTE | |||
r-oldrel-windows-x86_64 | 0.2.0 | 44.00 | 112.00 | 156.00 | OK |
Version: 0.2.0
Check: data for non-ASCII characters
Result: NOTE
Note: found 1058038 marked UTF-8 strings
Flavors: r-devel-linux-x86_64-fedora-clang, r-devel-linux-x86_64-fedora-gcc, r-oldrel-macos-x86_64