Last updated on 2023-06-09 05:55:00 CEST.
Flavor | Version | Tinstall | Tcheck | Ttotal | Status | Flags |
---|---|---|---|---|---|---|
r-devel-linux-x86_64-debian-clang | 0.1.0 | 20.59 | 188.92 | 209.51 | NOTE | |
r-devel-linux-x86_64-debian-gcc | 0.1.0 | 16.27 | 135.02 | 151.29 | NOTE | |
r-devel-linux-x86_64-fedora-clang | 0.1.0 | 246.74 | NOTE | |||
r-devel-linux-x86_64-fedora-gcc | 0.1.0 | 234.98 | NOTE | |||
r-devel-windows-x86_64 | 0.1.0 | 18.00 | 144.00 | 162.00 | NOTE | |
r-patched-linux-x86_64 | 0.1.0 | 15.41 | 171.86 | 187.27 | NOTE | |
r-release-linux-x86_64 | 0.1.0 | 17.02 | 175.81 | 192.83 | NOTE | |
r-release-macos-arm64 | 0.1.0 | 72.00 | NOTE | |||
r-release-macos-x86_64 | 0.1.0 | 117.00 | NOTE | |||
r-release-windows-x86_64 | 0.1.0 | 24.00 | 186.00 | 210.00 | NOTE | |
r-oldrel-macos-arm64 | 0.1.0 | 60.00 | NOTE | |||
r-oldrel-macos-x86_64 | 0.1.0 | 104.00 | NOTE | |||
r-oldrel-windows-x86_64 | 0.1.0 | 24.00 | 169.00 | 193.00 | NOTE |
Version: 0.1.0
Check: LazyData
Result: NOTE
'LazyData' is specified without a 'data' directory
Flavors: r-devel-linux-x86_64-debian-clang, r-devel-linux-x86_64-debian-gcc, r-devel-linux-x86_64-fedora-clang, r-devel-linux-x86_64-fedora-gcc, r-devel-windows-x86_64, r-patched-linux-x86_64, r-release-linux-x86_64, r-release-macos-arm64, r-release-macos-x86_64, r-release-windows-x86_64, r-oldrel-macos-arm64, r-oldrel-macos-x86_64, r-oldrel-windows-x86_64
Version: 0.1.0
Check: installed package size
Result: NOTE
installed size is 5.3Mb
sub-directories of 1Mb or more:
extdata 4.8Mb
Flavors: r-devel-linux-x86_64-fedora-clang, r-devel-windows-x86_64, r-release-macos-arm64, r-release-macos-x86_64, r-release-windows-x86_64, r-oldrel-macos-arm64, r-oldrel-macos-x86_64, r-oldrel-windows-x86_64