Last updated on 2023-06-06 05:55:12 CEST.
Flavor | Version | Tinstall | Tcheck | Ttotal | Status | Flags |
---|---|---|---|---|---|---|
r-devel-linux-x86_64-debian-clang | 0.5.3 | 43.54 | 427.21 | 470.75 | OK | |
r-devel-linux-x86_64-debian-gcc | 0.5.3 | 34.19 | 322.50 | 356.69 | OK | |
r-devel-linux-x86_64-fedora-clang | 0.5.3 | 575.10 | NOTE | |||
r-devel-linux-x86_64-fedora-gcc | 0.5.3 | 571.15 | OK | |||
r-devel-windows-x86_64 | 0.5.3 | 34.00 | 280.00 | 314.00 | OK | |
r-patched-linux-x86_64 | 0.5.3 | 36.73 | 411.71 | 448.44 | OK | |
r-release-linux-x86_64 | 0.5.3 | 39.35 | 412.89 | 452.24 | OK | |
r-release-macos-arm64 | 0.5.3 | 274.00 | OK | |||
r-release-macos-x86_64 | 0.5.3 | 423.00 | OK | |||
r-release-windows-x86_64 | 0.5.3 | 47.00 | 392.00 | 439.00 | OK | |
r-oldrel-macos-arm64 | 0.5.3 | 249.00 | OK | |||
r-oldrel-macos-x86_64 | 0.5.3 | 290.00 | OK | |||
r-oldrel-windows-x86_64 | 0.5.3 | 47.00 | 345.00 | 392.00 | OK |
Version: 0.5.3
Check: Rd cross-references
Result: NOTE
Undeclared package ‘sp’ in Rd xrefs
Flavor: r-devel-linux-x86_64-fedora-clang