Last updated on 2023-06-03 05:52:32 CEST.
Flavor | Version | Tinstall | Tcheck | Ttotal | Status | Flags |
---|---|---|---|---|---|---|
r-devel-linux-x86_64-debian-clang | 1.3.5 | 88.33 | 146.67 | 235.00 | NOTE | |
r-devel-linux-x86_64-debian-gcc | 1.3.5 | 62.90 | 117.98 | 180.88 | NOTE | |
r-devel-linux-x86_64-fedora-clang | 1.3.5 | 307.69 | NOTE | |||
r-devel-linux-x86_64-fedora-gcc | 1.3.5 | 304.76 | NOTE | |||
r-devel-windows-x86_64 | 1.3.5 | 63.00 | 163.00 | 226.00 | NOTE | |
r-patched-linux-x86_64 | 1.3.5 | NOTE | ||||
r-release-linux-x86_64 | 1.3.5 | 61.01 | 139.79 | 200.80 | NOTE | |
r-release-macos-arm64 | 1.3.5 | 94.00 | NOTE | |||
r-release-macos-x86_64 | 1.3.5 | 150.00 | NOTE | |||
r-release-windows-x86_64 | 1.3.5 | 80.00 | 188.00 | 268.00 | NOTE | |
r-oldrel-macos-arm64 | 1.3.5 | 85.00 | NOTE | |||
r-oldrel-macos-x86_64 | 1.3.5 | 99.00 | NOTE | |||
r-oldrel-windows-x86_64 | 1.3.5 | 76.00 | 188.00 | 264.00 | OK |
Version: 1.3.5
Check: C++ specification
Result: NOTE
Specified C++11: please drop specification unless essential
Flavors: r-devel-linux-x86_64-debian-clang, r-devel-linux-x86_64-debian-gcc, r-devel-linux-x86_64-fedora-clang, r-devel-linux-x86_64-fedora-gcc, r-devel-windows-x86_64, r-patched-linux-x86_64, r-release-linux-x86_64, r-release-macos-arm64, r-release-macos-x86_64, r-release-windows-x86_64
Version: 1.3.5
Check: installed package size
Result: NOTE
installed size is 9.9Mb
sub-directories of 1Mb or more:
libs 8.5Mb
Flavors: r-release-macos-arm64, r-release-macos-x86_64, r-oldrel-macos-arm64, r-oldrel-macos-x86_64