CRAN Package Check Results for Package hrqglas

Last updated on 2023-05-28 05:52:09 CEST.

Flavor Version Tinstall Tcheck Ttotal Status Flags
r-devel-linux-x86_64-debian-clang 1.1.0 9.63 70.50 80.13 OK
r-devel-linux-x86_64-debian-gcc 1.1.0 8.11 54.16 62.27 OK
r-devel-linux-x86_64-fedora-clang 1.1.0 99.47 NOTE
r-devel-linux-x86_64-fedora-gcc 1.1.0 97.19 NOTE
r-devel-windows-x86_64 1.1.0 10.00 70.00 80.00 OK
r-patched-linux-x86_64 1.1.0 9.77 67.86 77.63 OK
r-release-linux-x86_64 1.1.0 9.91 67.31 77.22 OK
r-release-macos-arm64 1.1.0 36.00 OK
r-release-macos-x86_64 1.1.0 50.00 OK
r-release-windows-x86_64 1.1.0 13.00 78.00 91.00 OK
r-oldrel-macos-arm64 1.1.0 34.00 OK
r-oldrel-macos-x86_64 1.1.0 45.00 OK
r-oldrel-windows-x86_64 1.1.0 13.00 80.00 93.00 OK

Check Details

Version: 1.1.0
Check: dependencies in R code
Result: NOTE
    Namespaces in Imports field not imported from:
     ‘Rcpp’ ‘quantreg’
     All declared Imports should be used.
Flavors: r-devel-linux-x86_64-fedora-clang, r-devel-linux-x86_64-fedora-gcc